
{"id":26971,"date":"2023-05-23T07:57:16","date_gmt":"2023-05-23T07:57:16","guid":{"rendered":"https:\/\/rapportactivite.cjf.lu\/?page_id=26971"},"modified":"2023-07-17T08:29:38","modified_gmt":"2023-07-17T08:29:38","slug":"fare","status":"publish","type":"page","link":"https:\/\/rapportactivite.cjf.lu\/?page_id=26971","title":{"rendered":"FAR\u00c9"},"content":{"rendered":"\t\t<div data-elementor-type=\"wp-page\" data-elementor-id=\"26971\" class=\"elementor elementor-26971\">\n\t\t\t\t\t\t\t\t\t<section class=\"elementor-section elementor-top-section elementor-element elementor-element-96f04d2 elementor-section-boxed elementor-section-height-default elementor-section-height-default edgtf-elementor-container-no edgtf-section edgtf-parallax-section-holder-touch-disabled edgtf-parallax-section-no\" data-id=\"96f04d2\" data-element_type=\"section\">\n\t\t\t\t\t\t<div class=\"elementor-container elementor-column-gap-default\">\n\t\t\t\t\t<div class=\"elementor-column elementor-col-50 elementor-top-column elementor-element elementor-element-4a008da\" data-id=\"4a008da\" data-element_type=\"column\">\n\t\t\t<div class=\"elementor-widget-wrap elementor-element-populated\">\n\t\t\t\t\t\t\t\t<div class=\"elementor-element elementor-element-7fff202 elementor-widget elementor-widget-text-editor\" data-id=\"7fff202\" data-element_type=\"widget\" data-widget_type=\"text-editor.default\">\n\t\t\t\t<div class=\"elementor-widget-container\">\n\t\t\t<style>\/*! elementor - v3.6.5 - 27-04-2022 *\/\n.elementor-widget-text-editor.elementor-drop-cap-view-stacked .elementor-drop-cap{background-color:#818a91;color:#fff}.elementor-widget-text-editor.elementor-drop-cap-view-framed .elementor-drop-cap{color:#818a91;border:3px solid;background-color:transparent}.elementor-widget-text-editor:not(.elementor-drop-cap-view-default) .elementor-drop-cap{margin-top:8px}.elementor-widget-text-editor:not(.elementor-drop-cap-view-default) .elementor-drop-cap-letter{width:1em;height:1em}.elementor-widget-text-editor .elementor-drop-cap{float:left;text-align:center;line-height:1;font-size:50px}.elementor-widget-text-editor .elementor-drop-cap-letter{display:inline-block}<\/style>\t\t\t\t<p>Une \u00e9quipe dirigeante compos\u00e9e de deux Responsables de Service a \u00e9t\u00e9 nomm\u00e9e en 2022, compl\u00e9tant les 7 autres collaborateurs.<\/p><p>Le FAR\u00c9 a poursuivi son travail d\u2019int\u00e9gration de la m\u00e9thode Sicherheits Orientierte Praxis* (S.O.P) en r\u00e9seau en collaboration avec tous les acteurs sociaux de la vie des familles et des enfants. Cette m\u00e9thode impacte la mani\u00e8re de mener les entretiens, de\u00a0 poser les questions mais \u00e9galement la cr\u00e9ation et le suivi des dossiers d&rsquo;accompagnement des familles. Elle permet aussi d\u2019accompagner l\u2019enfant avec une documentation en images afin que celui-ci puisse se sentir s\u00e9curis\u00e9 durant l\u2019\u00e9change. C\u2019est une \u00e9tape importante dans l\u2019accompagnement, l&rsquo;approche syst\u00e9mique des familles. Au-del\u00e0 de la m\u00e9thode, la formation continue, propos\u00e9e par les cr\u00e9ateurs de la m\u00e9thode, permet d\u2019\u00e9changer sur des nouvelles id\u00e9es ou bonnes pratiques \u00e0 mettre en place lors des interventions dans les familles.<\/p><p>En 2022, la FAR\u00c9 Nord et Sud a re\u00e7u 80 demandes via l&rsquo;<a href=\"https:\/\/www.officenationalenfance.lu\/\">ONE<\/a> de familles et a pu cl\u00f4turer 76 dossiers.<\/p><p>\u00a0<\/p>\t\t\t\t\t\t<\/div>\n\t\t\t\t<\/div>\n\t\t\t\t\t<\/div>\n\t\t<\/div>\n\t\t\t\t<div class=\"elementor-column elementor-col-50 elementor-top-column elementor-element elementor-element-ea2bcd7\" data-id=\"ea2bcd7\" data-element_type=\"column\">\n\t\t\t<div class=\"elementor-widget-wrap\">\n\t\t\t\t\t\t\t\t\t<\/div>\n\t\t<\/div>\n\t\t\t\t\t\t\t<\/div>\n\t\t<\/section>\n\t\t\t\t<section class=\"elementor-section elementor-top-section elementor-element elementor-element-ddcdeb0 elementor-section-boxed elementor-section-height-default elementor-section-height-default edgtf-elementor-container-no edgtf-section edgtf-parallax-section-holder-touch-disabled edgtf-parallax-section-no\" data-id=\"ddcdeb0\" data-element_type=\"section\" data-settings=\"{&quot;background_background&quot;:&quot;classic&quot;}\">\n\t\t\t\t\t\t<div class=\"elementor-container elementor-column-gap-default\">\n\t\t\t\t\t<div class=\"elementor-column elementor-col-100 elementor-top-column elementor-element elementor-element-f02af88\" data-id=\"f02af88\" data-element_type=\"column\" data-settings=\"{&quot;background_background&quot;:&quot;classic&quot;}\">\n\t\t\t<div class=\"elementor-widget-wrap elementor-element-populated\">\n\t\t\t\t\t\t\t\t<div class=\"elementor-element elementor-element-f7db8fb elementor-widget elementor-widget-edgtf_call_to_action\" data-id=\"f7db8fb\" data-element_type=\"widget\" data-widget_type=\"edgtf_call_to_action.default\">\n\t\t\t\t<div class=\"elementor-widget-container\">\n\t\t\t\t<div class=\"edgtf-container-inner\">\n\t<div class=\"edgtf-call-to-action normal\" style=\"background-color: #FCBF48;\">\n\n\t\t\t\t\t<div class=\"edgtf-call-to-action-row-75-25 clearfix\" >\n\t\t\t\t\t\t<div class=\"edgtf-text-wrapper edgtf-call-to-action-column1 edgtf-call-to-action-cell \">\n\t\t\t\t\t<div class=\"edgtf-call-to-action-text\" style=\"text-align: center\"><p><span style=\"color: #ffffff;\">Flyer FAR\u00c9<\/span><\/p>\t\t\t\t\t\t\t\t\t\t\t<\/div>\n\t\t\t\t<\/div>\n\n\t\t\t\t\t\t\t\t\t<div class=\"edgtf-button-wrapper edgtf-call-to-action-column2 edgtf-call-to-action-cell\" style =\"text-align:  ;\">\n\t\t\t\t\t\t<a itemprop=\"url\" href=\"http:\/\/rapportactivite.cjf.lu\/wp-content\/uploads\/2022\/06\/301-0122001-Caritas-Nouveau_flyer_Fare_2022_web_fr.pdf\" target=\"_blank\" style=\"color: #FFFFFF;background-color: #FCBF48;border-color: #FFFFFF\" class=\"edgtf-btn edgtf-btn-medium edgtf-btn-solid edgtf-btn-custom-hover-bg edgtf-btn-custom-hover-color\" data-hover-bg-color=\"#FFFFFF\" data-hover-color=\"#212121\" >\t<span class=\"edgtf-btn-text\">Consulter<\/span>    <\/a>\t\t\t\t\t<\/div>\n\t\t\t\t\t\t\t<\/div>\n\t\t\t<\/div>\n\t<\/div>\n\t\t<\/div>\n\t\t\t\t<\/div>\n\t\t\t\t\t<\/div>\n\t\t<\/div>\n\t\t\t\t\t\t\t<\/div>\n\t\t<\/section>\n\t\t\t\t\t\t\t<\/div>\n\t\t","protected":false},"excerpt":{"rendered":"<p>Une \u00e9quipe dirigeante compos\u00e9e de deux Responsables de Service a \u00e9t\u00e9 nomm\u00e9e en 2022, compl\u00e9tant les 7 autres collaborateurs. Le FAR\u00c9 a poursuivi son travail d\u2019int\u00e9gration de la m\u00e9thode Sicherheits Orientierte Praxis* (S.O.P) en r\u00e9seau en collaboration avec tous les acteurs sociaux de la vie&#8230;<\/p>\n","protected":false},"author":2,"featured_media":0,"parent":26383,"menu_order":0,"comment_status":"closed","ping_status":"closed","template":"full-width.php","meta":[],"_links":{"self":[{"href":"https:\/\/rapportactivite.cjf.lu\/index.php?rest_route=\/wp\/v2\/pages\/26971"}],"collection":[{"href":"https:\/\/rapportactivite.cjf.lu\/index.php?rest_route=\/wp\/v2\/pages"}],"about":[{"href":"https:\/\/rapportactivite.cjf.lu\/index.php?rest_route=\/wp\/v2\/types\/page"}],"author":[{"embeddable":true,"href":"https:\/\/rapportactivite.cjf.lu\/index.php?rest_route=\/wp\/v2\/users\/2"}],"replies":[{"embeddable":true,"href":"https:\/\/rapportactivite.cjf.lu\/index.php?rest_route=%2Fwp%2Fv2%2Fcomments&post=26971"}],"version-history":[{"count":16,"href":"https:\/\/rapportactivite.cjf.lu\/index.php?rest_route=\/wp\/v2\/pages\/26971\/revisions"}],"predecessor-version":[{"id":27319,"href":"https:\/\/rapportactivite.cjf.lu\/index.php?rest_route=\/wp\/v2\/pages\/26971\/revisions\/27319"}],"up":[{"embeddable":true,"href":"https:\/\/rapportactivite.cjf.lu\/index.php?rest_route=\/wp\/v2\/pages\/26383"}],"wp:attachment":[{"href":"https:\/\/rapportactivite.cjf.lu\/index.php?rest_route=%2Fwp%2Fv2%2Fmedia&parent=26971"}],"curies":[{"name":"wp","href":"https:\/\/api.w.org\/{rel}","templated":true}]}}

FARÉ

<div data-elementor-type="wp-page" data-elementor-id="26971" class="elementor elementor-26971">
									<section class="elementor-section elementor-top-section elementor-element elementor-element-96f04d2 elementor-section-boxed elementor-section-height-default elementor-section-height-default edgtf-elementor-container-no edgtf-section edgtf-parallax-section-holder-touch-disabled edgtf-parallax-section-no" data-id="96f04d2" data-element_type="section">
						<div class="elementor-container elementor-column-gap-default">
					<div class="elementor-column elementor-col-50 elementor-top-column elementor-element elementor-element-4a008da" data-id="4a008da" data-element_type="column">
			<div class="elementor-widget-wrap elementor-element-populated">
								<div class="elementor-element elementor-element-7fff202 elementor-widget elementor-widget-text-editor" data-id="7fff202" data-element_type="widget" data-widget_type="text-editor.default">
				<div class="elementor-widget-container">
			<style>/*! elementor - v3.6.5 - 27-04-2022 */
.elementor-widget-text-editor.elementor-drop-cap-view-stacked .elementor-drop-cap{background-color:#818a91;color:#fff}.elementor-widget-text-editor.elementor-drop-cap-view-framed .elementor-drop-cap{color:#818a91;border:3px solid;background-color:transparent}.elementor-widget-text-editor:not(.elementor-drop-cap-view-default) .elementor-drop-cap{margin-top:8px}.elementor-widget-text-editor:not(.elementor-drop-cap-view-default) .elementor-drop-cap-letter{width:1em;height:1em}.elementor-widget-text-editor .elementor-drop-cap{float:left;text-align:center;line-height:1;font-size:50px}.elementor-widget-text-editor .elementor-drop-cap-letter{display:inline-block}</style>				<p>Une équipe dirigeante composée de deux Responsables de Service a été nommée en 2022, complétant les 7 autres collaborateurs.</p><p>Le FARÉ a poursuivi son travail d’intégration de la méthode Sicherheits Orientierte Praxis* (S.O.P) en réseau en collaboration avec tous les acteurs sociaux de la vie des familles et des enfants. Cette méthode impacte la manière de mener les entretiens, de  poser les questions mais également la création et le suivi des dossiers d&rsquo;accompagnement des familles. Elle permet aussi d’accompagner l’enfant avec une documentation en images afin que celui-ci puisse se sentir sécurisé durant l’échange. C’est une étape importante dans l’accompagnement, l&rsquo;approche systémique des familles. Au-delà de la méthode, la formation continue, proposée par les créateurs de la méthode, permet d’échanger sur des nouvelles idées ou bonnes pratiques à mettre en place lors des interventions dans les familles.</p><p>En 2022, la FARÉ Nord et Sud a reçu 80 demandes via l&rsquo;<a href="https://www.officenationalenfance.lu/">ONE</a> de familles et a pu clôturer 76 dossiers.</p><p> </p>						</div>
				</div>
					</div>
		</div>
				<div class="elementor-column elementor-col-50 elementor-top-column elementor-element elementor-element-ea2bcd7" data-id="ea2bcd7" data-element_type="column">
			<div class="elementor-widget-wrap">
									</div>
		</div>
							</div>
		</section>
				<section class="elementor-section elementor-top-section elementor-element elementor-element-ddcdeb0 elementor-section-boxed elementor-section-height-default elementor-section-height-default edgtf-elementor-container-no edgtf-section edgtf-parallax-section-holder-touch-disabled edgtf-parallax-section-no" data-id="ddcdeb0" data-element_type="section" data-settings="{&quot;background_background&quot;:&quot;classic&quot;}">
						<div class="elementor-container elementor-column-gap-default">
					<div class="elementor-column elementor-col-100 elementor-top-column elementor-element elementor-element-f02af88" data-id="f02af88" data-element_type="column" data-settings="{&quot;background_background&quot;:&quot;classic&quot;}">
			<div class="elementor-widget-wrap elementor-element-populated">
								<div class="elementor-element elementor-element-f7db8fb elementor-widget elementor-widget-edgtf_call_to_action" data-id="f7db8fb" data-element_type="widget" data-widget_type="edgtf_call_to_action.default">
				<div class="elementor-widget-container">
				<div class="edgtf-container-inner">
	<div class="edgtf-call-to-action normal" style="background-color: #FCBF48;">

					<div class="edgtf-call-to-action-row-75-25 clearfix" >
						<div class="edgtf-text-wrapper edgtf-call-to-action-column1 edgtf-call-to-action-cell ">
					<div class="edgtf-call-to-action-text" style="text-align: center"><p><span style="color: #ffffff;">Flyer FARÉ</span></p>											</div>
				</div>

									<div class="edgtf-button-wrapper edgtf-call-to-action-column2 edgtf-call-to-action-cell" style ="text-align:  ;">
						<a itemprop="url" href="http://rapportactivite.cjf.lu/wp-content/uploads/2022/06/301-0122001-Caritas-Nouveau_flyer_Fare_2022_web_fr.pdf" target="_blank" style="color: #FFFFFF;background-color: #FCBF48;border-color: #FFFFFF" class="edgtf-btn edgtf-btn-medium edgtf-btn-solid edgtf-btn-custom-hover-bg edgtf-btn-custom-hover-color" data-hover-bg-color="#FFFFFF" data-hover-color="#212121" >	<span class="edgtf-btn-text">Consulter</span>    </a>					</div>
							</div>
			</div>
	</div>
		</div>
				</div>
					</div>
		</div>
							</div>
		</section>
							</div>

<p>Une équipe dirigeante composée de deux Responsables de Service a été nommée en 2022, complétant les 7 autres collaborateurs. Le FARÉ a poursuivi son travail d’intégration de la méthode Sicherheits Orientierte Praxis* (S.O.P) en réseau en collaboration avec tous les acteurs sociaux de la vie&#8230;</p>
