
{"id":26635,"date":"2023-05-22T20:19:07","date_gmt":"2023-05-22T20:19:07","guid":{"rendered":"https:\/\/rapportactivite.cjf.lu\/?page_id=26635"},"modified":"2023-07-14T13:34:07","modified_gmt":"2023-07-14T13:34:07","slug":"semaine-nationale-de-lenfance-2022-avec-bibliobus-et-spillmobil-by-youngcaritas","status":"publish","type":"page","link":"https:\/\/rapportactivite.cjf.lu\/?page_id=26635","title":{"rendered":"Semaine nationale de l\u2019Enfance 2022 avec Bibliobus et Spillmobil by youngcaritas"},"content":{"rendered":"\t\t<div data-elementor-type=\"wp-page\" data-elementor-id=\"26635\" class=\"elementor elementor-26635\">\n\t\t\t\t\t\t\t\t\t<section class=\"elementor-section elementor-top-section elementor-element elementor-element-68973fa elementor-section-full_width edgtf-elementor-container-inner elementor-section-height-default elementor-section-height-default edgtf-section edgtf-parallax-section-holder-touch-disabled edgtf-parallax-section-no\" data-id=\"68973fa\" data-element_type=\"section\" data-settings=\"{&quot;background_background&quot;:&quot;classic&quot;}\">\n\t\t\t\t\t\t<div class=\"elementor-container elementor-column-gap-default\">\n\t\t\t\t\t<div class=\"elementor-column elementor-col-100 elementor-top-column elementor-element elementor-element-2011edd\" data-id=\"2011edd\" data-element_type=\"column\">\n\t\t\t<div class=\"elementor-widget-wrap elementor-element-populated\">\n\t\t\t\t\t\t\t\t<div class=\"elementor-element elementor-element-9186884 elementor-widget elementor-widget-text-editor\" data-id=\"9186884\" data-element_type=\"widget\" data-widget_type=\"text-editor.default\">\n\t\t\t\t<div class=\"elementor-widget-container\">\n\t\t\t<style>\/*! elementor - v3.6.5 - 27-04-2022 *\/\n.elementor-widget-text-editor.elementor-drop-cap-view-stacked .elementor-drop-cap{background-color:#818a91;color:#fff}.elementor-widget-text-editor.elementor-drop-cap-view-framed .elementor-drop-cap{color:#818a91;border:3px solid;background-color:transparent}.elementor-widget-text-editor:not(.elementor-drop-cap-view-default) .elementor-drop-cap{margin-top:8px}.elementor-widget-text-editor:not(.elementor-drop-cap-view-default) .elementor-drop-cap-letter{width:1em;height:1em}.elementor-widget-text-editor .elementor-drop-cap{float:left;text-align:center;line-height:1;font-size:50px}.elementor-widget-text-editor .elementor-drop-cap-letter{display:inline-block}<\/style>\t\t\t\t<div class=\"wpb_text_column wpb_content_element \"><div class=\"wpb_wrapper\"><h2>Semaine nationale de l\u2019Enfance 2022 avec Bibliobus et Spillmobil by youngcaritas<\/h2><\/div><\/div>\t\t\t\t\t\t<\/div>\n\t\t\t\t<\/div>\n\t\t\t\t<div class=\"elementor-element elementor-element-ae59e4f elementor-widget elementor-widget-edgtf_separator\" data-id=\"ae59e4f\" data-element_type=\"widget\" data-widget_type=\"edgtf_separator.default\">\n\t\t\t\t<div class=\"elementor-widget-container\">\n\t\t\t<div class=\"edgtf-separator-holder clearfix  edgtf-separator-left edgtf-separator-normal\">\n\t<div class=\"edgtf-separator\" style=\"border-color: #FFB422;width: 55px;border-bottom-width: 3px;margin-top: 25px;margin-bottom: 25px\"><\/div>\n<\/div>\n\t\t<\/div>\n\t\t\t\t<\/div>\n\t\t\t\t<div class=\"elementor-element elementor-element-b5be802 elementor-widget elementor-widget-text-editor\" data-id=\"b5be802\" data-element_type=\"widget\" data-widget_type=\"text-editor.default\">\n\t\t\t\t<div class=\"elementor-widget-container\">\n\t\t\t\t\t\t\t<p>La <a href=\"https:\/\/semaine-enfance.lu\/\">Semaine et le Festival de l\u2019Enfance<\/a> ont \u00e9t\u00e9 instaur\u00e9es en 2022 par le Minist\u00e8re de l\u2019\u00c9ducation nationale, de l\u2019Enfance et de la Jeunesse afin de promouvoir le r\u00f4le de <a href=\"https:\/\/www.cjf.lu\/?page_id=22341\">l\u2019\u00e9ducation non-formelle<\/a> dans le d\u00e9veloppement de l\u2019enfant. Pendant le Festival et la Semaine, les parents peuvent se familiariser, de mani\u00e8re ludique avec les champs d\u2019action de l\u2019\u00e9ducation non-formelle. Le Festival s&rsquo;est d\u00e9roul\u00e9 pendant 2 jours cons\u00e9cutifs \u00e0 l\u2019Abbaye de Neum\u00fcnster, les 14 et 15 mai 2022.<\/p>\n<p>Cet \u00e9v\u00e8nement a permis \u00e0 tous les acteurs du secteur de se rencontrer, d\u2019\u00e9changer et de trouver de nouvelles id\u00e9es pour leurs structures ou services.<\/p>\n<p><\/p>\n<p>Nos services <a href=\"https:\/\/www.youngcaritas.lu\/fr\/a-propos\/spillmobil\">Spillmobil<\/a> et <a href=\"https:\/\/www.cjf.lu\/?page_id=19231\">Bibliobus<\/a> ont fait partie des 30 ateliers propos\u00e9s au Festival de L\u2019 Enfance 2022. Les ateliers anim\u00e9s par nos deux services ont eu beaucoup de succ\u00e8s aupr\u00e8s des parents et des enfants.<\/p>\t\t\t\t\t\t<\/div>\n\t\t\t\t<\/div>\n\t\t\t\t\t<\/div>\n\t\t<\/div>\n\t\t\t\t\t\t\t<\/div>\n\t\t<\/section>\n\t\t\t\t<section class=\"elementor-section elementor-top-section elementor-element elementor-element-1981a03 elementor-section-boxed elementor-section-height-default elementor-section-height-default edgtf-elementor-container-no edgtf-section edgtf-parallax-section-holder-touch-disabled edgtf-parallax-section-no\" data-id=\"1981a03\" data-element_type=\"section\">\n\t\t\t\t\t\t<div class=\"elementor-container elementor-column-gap-default\">\n\t\t\t\t\t<div class=\"elementor-column elementor-col-100 elementor-top-column elementor-element elementor-element-1b5c0a0\" data-id=\"1b5c0a0\" data-element_type=\"column\">\n\t\t\t<div class=\"elementor-widget-wrap elementor-element-populated\">\n\t\t\t\t\t\t\t\t<div class=\"elementor-element elementor-element-8808231 elementor-widget elementor-widget-image-gallery\" data-id=\"8808231\" data-element_type=\"widget\" data-widget_type=\"image-gallery.default\">\n\t\t\t\t<div class=\"elementor-widget-container\">\n\t\t\t<style>\/*! elementor - v3.6.5 - 27-04-2022 *\/\n.elementor-image-gallery .gallery-item{display:inline-block;text-align:center;vertical-align:top;width:100%;max-width:100%;margin:0 auto}.elementor-image-gallery .gallery-item img{margin:0 auto}.elementor-image-gallery .gallery-item .gallery-caption{margin:0}.elementor-image-gallery figure img{display:block}.elementor-image-gallery figure figcaption{width:100%}.gallery-spacing-custom .elementor-image-gallery .gallery-icon{padding:0}@media (min-width:768px){.elementor-image-gallery .gallery-columns-2 .gallery-item{max-width:50%}.elementor-image-gallery .gallery-columns-3 .gallery-item{max-width:33.33%}.elementor-image-gallery .gallery-columns-4 .gallery-item{max-width:25%}.elementor-image-gallery .gallery-columns-5 .gallery-item{max-width:20%}.elementor-image-gallery .gallery-columns-6 .gallery-item{max-width:16.666%}.elementor-image-gallery .gallery-columns-7 .gallery-item{max-width:14.28%}.elementor-image-gallery .gallery-columns-8 .gallery-item{max-width:12.5%}.elementor-image-gallery .gallery-columns-9 .gallery-item{max-width:11.11%}.elementor-image-gallery .gallery-columns-10 .gallery-item{max-width:10%}}@media (min-width:480px) and (max-width:767px){.elementor-image-gallery .gallery.gallery-columns-2 .gallery-item,.elementor-image-gallery .gallery.gallery-columns-3 .gallery-item,.elementor-image-gallery .gallery.gallery-columns-4 .gallery-item,.elementor-image-gallery .gallery.gallery-columns-5 .gallery-item,.elementor-image-gallery .gallery.gallery-columns-6 .gallery-item,.elementor-image-gallery .gallery.gallery-columns-7 .gallery-item,.elementor-image-gallery .gallery.gallery-columns-8 .gallery-item,.elementor-image-gallery .gallery.gallery-columns-9 .gallery-item,.elementor-image-gallery .gallery.gallery-columns-10 .gallery-item{max-width:50%}}@media (max-width:479px){.elementor-image-gallery .gallery.gallery-columns-2 .gallery-item,.elementor-image-gallery .gallery.gallery-columns-3 .gallery-item,.elementor-image-gallery .gallery.gallery-columns-4 .gallery-item,.elementor-image-gallery .gallery.gallery-columns-5 .gallery-item,.elementor-image-gallery .gallery.gallery-columns-6 .gallery-item,.elementor-image-gallery .gallery.gallery-columns-7 .gallery-item,.elementor-image-gallery .gallery.gallery-columns-8 .gallery-item,.elementor-image-gallery .gallery.gallery-columns-9 .gallery-item,.elementor-image-gallery .gallery.gallery-columns-10 .gallery-item{max-width:100%}}<\/style>\t\t<div class=\"elementor-image-gallery\">\n\t\t\t\n\t\t<style type=\"text\/css\">\n\t\t\t#gallery-1 {\n\t\t\t\tmargin: auto;\n\t\t\t}\n\t\t\t#gallery-1 .gallery-item {\n\t\t\t\tfloat: left;\n\t\t\t\tmargin-top: 10px;\n\t\t\t\ttext-align: center;\n\t\t\t\twidth: 25%;\n\t\t\t}\n\t\t\t#gallery-1 img {\n\t\t\t\tborder: 2px solid #cfcfcf;\n\t\t\t}\n\t\t\t#gallery-1 .gallery-caption {\n\t\t\t\tmargin-left: 0;\n\t\t\t}\n\t\t\t\/* see gallery_shortcode() in wp-includes\/media.php *\/\n\t\t<\/style>\n\t\t<div id='gallery-1' class='gallery galleryid-26635 gallery-columns-4 gallery-size-medium'><dl class='gallery-item'>\n\t\t\t<dt class='gallery-icon landscape'>\n\t\t\t\t<a data-elementor-open-lightbox=\"yes\" data-elementor-lightbox-slideshow=\"8808231\" data-elementor-lightbox-title=\"Photo-1\" e-action-hash=\"#elementor-action%3Aaction%3Dlightbox%26settings%3DeyJpZCI6MjY2NDYsInVybCI6Imh0dHBzOlwvXC9yYXBwb3J0YWN0aXZpdGUuY2pmLmx1XC93cC1jb250ZW50XC91cGxvYWRzXC8yMDIzXC8wNVwvUGhvdG8tMS0xLmpwZyIsInNsaWRlc2hvdyI6Ijg4MDgyMzEifQ%3D%3D\" href='https:\/\/rapportactivite.cjf.lu\/wp-content\/uploads\/2023\/05\/Photo-1-1.jpg'><img width=\"300\" height=\"169\" src=\"https:\/\/rapportactivite.cjf.lu\/wp-content\/uploads\/2023\/05\/Photo-1-1-300x169.jpg\" class=\"attachment-medium size-medium\" alt=\"\" loading=\"lazy\" srcset=\"https:\/\/rapportactivite.cjf.lu\/wp-content\/uploads\/2023\/05\/Photo-1-1-300x169.jpg 300w, https:\/\/rapportactivite.cjf.lu\/wp-content\/uploads\/2023\/05\/Photo-1-1-1024x578.jpg 1024w, https:\/\/rapportactivite.cjf.lu\/wp-content\/uploads\/2023\/05\/Photo-1-1-768x433.jpg 768w, https:\/\/rapportactivite.cjf.lu\/wp-content\/uploads\/2023\/05\/Photo-1-1-600x338.jpg 600w, https:\/\/rapportactivite.cjf.lu\/wp-content\/uploads\/2023\/05\/Photo-1-1.jpg 1500w\" sizes=\"(max-width: 300px) 100vw, 300px\" \/><\/a>\n\t\t\t<\/dt><\/dl><dl class='gallery-item'>\n\t\t\t<dt class='gallery-icon landscape'>\n\t\t\t\t<a data-elementor-open-lightbox=\"yes\" data-elementor-lightbox-slideshow=\"8808231\" data-elementor-lightbox-title=\"Photo-5\" e-action-hash=\"#elementor-action%3Aaction%3Dlightbox%26settings%3DeyJpZCI6MjY2NDcsInVybCI6Imh0dHBzOlwvXC9yYXBwb3J0YWN0aXZpdGUuY2pmLmx1XC93cC1jb250ZW50XC91cGxvYWRzXC8yMDIzXC8wNVwvUGhvdG8tNS0xLmpwZyIsInNsaWRlc2hvdyI6Ijg4MDgyMzEifQ%3D%3D\" href='https:\/\/rapportactivite.cjf.lu\/wp-content\/uploads\/2023\/05\/Photo-5-1.jpg'><img width=\"300\" height=\"200\" src=\"https:\/\/rapportactivite.cjf.lu\/wp-content\/uploads\/2023\/05\/Photo-5-1-300x200.jpg\" class=\"attachment-medium size-medium\" alt=\"\" loading=\"lazy\" srcset=\"https:\/\/rapportactivite.cjf.lu\/wp-content\/uploads\/2023\/05\/Photo-5-1-300x200.jpg 300w, https:\/\/rapportactivite.cjf.lu\/wp-content\/uploads\/2023\/05\/Photo-5-1-1024x683.jpg 1024w, https:\/\/rapportactivite.cjf.lu\/wp-content\/uploads\/2023\/05\/Photo-5-1-768x512.jpg 768w, https:\/\/rapportactivite.cjf.lu\/wp-content\/uploads\/2023\/05\/Photo-5-1-600x400.jpg 600w, https:\/\/rapportactivite.cjf.lu\/wp-content\/uploads\/2023\/05\/Photo-5-1.jpg 1500w\" sizes=\"(max-width: 300px) 100vw, 300px\" \/><\/a>\n\t\t\t<\/dt><\/dl><dl class='gallery-item'>\n\t\t\t<dt class='gallery-icon portrait'>\n\t\t\t\t<a data-elementor-open-lightbox=\"yes\" data-elementor-lightbox-slideshow=\"8808231\" data-elementor-lightbox-title=\"Photo-2\" e-action-hash=\"#elementor-action%3Aaction%3Dlightbox%26settings%3DeyJpZCI6MjY2NDksInVybCI6Imh0dHBzOlwvXC9yYXBwb3J0YWN0aXZpdGUuY2pmLmx1XC93cC1jb250ZW50XC91cGxvYWRzXC8yMDIzXC8wNVwvUGhvdG8tMi0xLmpwZyIsInNsaWRlc2hvdyI6Ijg4MDgyMzEifQ%3D%3D\" href='https:\/\/rapportactivite.cjf.lu\/wp-content\/uploads\/2023\/05\/Photo-2-1.jpg'><img width=\"169\" height=\"300\" src=\"https:\/\/rapportactivite.cjf.lu\/wp-content\/uploads\/2023\/05\/Photo-2-1-169x300.jpg\" class=\"attachment-medium size-medium\" alt=\"\" loading=\"lazy\" srcset=\"https:\/\/rapportactivite.cjf.lu\/wp-content\/uploads\/2023\/05\/Photo-2-1-169x300.jpg 169w, https:\/\/rapportactivite.cjf.lu\/wp-content\/uploads\/2023\/05\/Photo-2-1-578x1024.jpg 578w, https:\/\/rapportactivite.cjf.lu\/wp-content\/uploads\/2023\/05\/Photo-2-1-768x1361.jpg 768w, https:\/\/rapportactivite.cjf.lu\/wp-content\/uploads\/2023\/05\/Photo-2-1-600x1064.jpg 600w, https:\/\/rapportactivite.cjf.lu\/wp-content\/uploads\/2023\/05\/Photo-2-1.jpg 800w\" sizes=\"(max-width: 169px) 100vw, 169px\" \/><\/a>\n\t\t\t<\/dt><\/dl><dl class='gallery-item'>\n\t\t\t<dt class='gallery-icon portrait'>\n\t\t\t\t<a data-elementor-open-lightbox=\"yes\" data-elementor-lightbox-slideshow=\"8808231\" data-elementor-lightbox-title=\"Photo-3\" e-action-hash=\"#elementor-action%3Aaction%3Dlightbox%26settings%3DeyJpZCI6MjY2NTAsInVybCI6Imh0dHBzOlwvXC9yYXBwb3J0YWN0aXZpdGUuY2pmLmx1XC93cC1jb250ZW50XC91cGxvYWRzXC8yMDIzXC8wNVwvUGhvdG8tMy0xLmpwZyIsInNsaWRlc2hvdyI6Ijg4MDgyMzEifQ%3D%3D\" href='https:\/\/rapportactivite.cjf.lu\/wp-content\/uploads\/2023\/05\/Photo-3-1.jpg'><img width=\"169\" height=\"300\" src=\"https:\/\/rapportactivite.cjf.lu\/wp-content\/uploads\/2023\/05\/Photo-3-1-169x300.jpg\" class=\"attachment-medium size-medium\" alt=\"\" loading=\"lazy\" srcset=\"https:\/\/rapportactivite.cjf.lu\/wp-content\/uploads\/2023\/05\/Photo-3-1-169x300.jpg 169w, https:\/\/rapportactivite.cjf.lu\/wp-content\/uploads\/2023\/05\/Photo-3-1-578x1024.jpg 578w, https:\/\/rapportactivite.cjf.lu\/wp-content\/uploads\/2023\/05\/Photo-3-1-768x1361.jpg 768w, https:\/\/rapportactivite.cjf.lu\/wp-content\/uploads\/2023\/05\/Photo-3-1-600x1064.jpg 600w, https:\/\/rapportactivite.cjf.lu\/wp-content\/uploads\/2023\/05\/Photo-3-1.jpg 800w\" sizes=\"(max-width: 169px) 100vw, 169px\" \/><\/a>\n\t\t\t<\/dt><\/dl><br style=\"clear: both\" \/><dl class='gallery-item'>\n\t\t\t<dt class='gallery-icon portrait'>\n\t\t\t\t<a data-elementor-open-lightbox=\"yes\" data-elementor-lightbox-slideshow=\"8808231\" data-elementor-lightbox-title=\"Photo-4\" e-action-hash=\"#elementor-action%3Aaction%3Dlightbox%26settings%3DeyJpZCI6MjY2NTEsInVybCI6Imh0dHBzOlwvXC9yYXBwb3J0YWN0aXZpdGUuY2pmLmx1XC93cC1jb250ZW50XC91cGxvYWRzXC8yMDIzXC8wNVwvUGhvdG8tNC0xLmpwZyIsInNsaWRlc2hvdyI6Ijg4MDgyMzEifQ%3D%3D\" href='https:\/\/rapportactivite.cjf.lu\/wp-content\/uploads\/2023\/05\/Photo-4-1.jpg'><img width=\"169\" height=\"300\" src=\"https:\/\/rapportactivite.cjf.lu\/wp-content\/uploads\/2023\/05\/Photo-4-1-169x300.jpg\" class=\"attachment-medium size-medium\" alt=\"\" loading=\"lazy\" srcset=\"https:\/\/rapportactivite.cjf.lu\/wp-content\/uploads\/2023\/05\/Photo-4-1-169x300.jpg 169w, https:\/\/rapportactivite.cjf.lu\/wp-content\/uploads\/2023\/05\/Photo-4-1-578x1024.jpg 578w, https:\/\/rapportactivite.cjf.lu\/wp-content\/uploads\/2023\/05\/Photo-4-1-768x1361.jpg 768w, https:\/\/rapportactivite.cjf.lu\/wp-content\/uploads\/2023\/05\/Photo-4-1-600x1064.jpg 600w, https:\/\/rapportactivite.cjf.lu\/wp-content\/uploads\/2023\/05\/Photo-4-1.jpg 800w\" sizes=\"(max-width: 169px) 100vw, 169px\" \/><\/a>\n\t\t\t<\/dt><\/dl>\n\t\t\t<br style='clear: both' \/>\n\t\t<\/div>\n\t\t<\/div>\n\t\t\t\t<\/div>\n\t\t\t\t<\/div>\n\t\t\t\t\t<\/div>\n\t\t<\/div>\n\t\t\t\t\t\t\t<\/div>\n\t\t<\/section>\n\t\t\t\t<section class=\"elementor-section elementor-top-section elementor-element elementor-element-ddcdeb0 elementor-section-boxed elementor-section-height-default elementor-section-height-default edgtf-elementor-container-no edgtf-section edgtf-parallax-section-holder-touch-disabled edgtf-parallax-section-no\" data-id=\"ddcdeb0\" data-element_type=\"section\" data-settings=\"{&quot;background_background&quot;:&quot;classic&quot;}\">\n\t\t\t\t\t\t<div class=\"elementor-container elementor-column-gap-default\">\n\t\t\t\t\t<div class=\"elementor-column elementor-col-100 elementor-top-column elementor-element elementor-element-f02af88\" data-id=\"f02af88\" data-element_type=\"column\" data-settings=\"{&quot;background_background&quot;:&quot;classic&quot;}\">\n\t\t\t<div class=\"elementor-widget-wrap elementor-element-populated\">\n\t\t\t\t\t\t\t\t<div class=\"elementor-element elementor-element-f7db8fb elementor-widget elementor-widget-edgtf_call_to_action\" data-id=\"f7db8fb\" data-element_type=\"widget\" data-widget_type=\"edgtf_call_to_action.default\">\n\t\t\t\t<div class=\"elementor-widget-container\">\n\t\t\t\t<div class=\"edgtf-call-to-action normal\" style=\"background-color: #FCBF48;\">\n\n\t\t\t\t<div class=\"edgtf-container-inner\">\n\t\t\t\t\t<div class=\"edgtf-call-to-action-row-50-50 clearfix\" >\n\t\t\t\t\t\t<div class=\"edgtf-text-wrapper edgtf-call-to-action-column1 edgtf-call-to-action-cell \">\n\t\t\t\t\t<div class=\"edgtf-call-to-action-text\" style=\"text-align: center\">\t\t\t\t\t\t\t\t\t\t\t<\/div>\n\t\t\t\t<\/div>\n\n\t\t\t\t\t\t\t\t\t<div class=\"edgtf-button-wrapper edgtf-call-to-action-column2 edgtf-call-to-action-cell\" style =\"text-align: center ;\">\n\t\t\t\t\t\t<a itemprop=\"url\" href=\"https:\/\/rapportactivite.cjf.lu\/?page_id=26383\" target=\"_self\" style=\"color: #FFFFFF;background-color: #FCBF48;border-color: #FFFFFF\" class=\"edgtf-btn edgtf-btn-medium edgtf-btn-solid edgtf-btn-custom-hover-bg edgtf-btn-custom-hover-color\" data-hover-bg-color=\"#FFFFFF\" data-hover-color=\"#212121\" >\t<span class=\"edgtf-btn-text\">Retour<\/span>    <\/a>\t\t\t\t\t<\/div>\n\t\t\t\t\t\t\t<\/div>\n\t\t\t\t<\/div>\n\t\t\t<\/div>\n\t\t<\/div>\n\t\t\t\t<\/div>\n\t\t\t\t\t<\/div>\n\t\t<\/div>\n\t\t\t\t\t\t\t<\/div>\n\t\t<\/section>\n\t\t\t\t\t\t\t<\/div>\n\t\t","protected":false},"excerpt":{"rendered":"<p>Semaine nationale de l\u2019Enfance 2022 avec Bibliobus et Spillmobil by youngcaritas La Semaine et le Festival de l\u2019Enfance ont \u00e9t\u00e9 instaur\u00e9es en 2022 par le Minist\u00e8re de l\u2019\u00c9ducation nationale, de l\u2019Enfance et de la Jeunesse afin de promouvoir le r\u00f4le de l\u2019\u00e9ducation non-formelle dans le&#8230;<\/p>\n","protected":false},"author":2,"featured_media":0,"parent":26383,"menu_order":0,"comment_status":"closed","ping_status":"closed","template":"full-width.php","meta":[],"_links":{"self":[{"href":"https:\/\/rapportactivite.cjf.lu\/index.php?rest_route=\/wp\/v2\/pages\/26635"}],"collection":[{"href":"https:\/\/rapportactivite.cjf.lu\/index.php?rest_route=\/wp\/v2\/pages"}],"about":[{"href":"https:\/\/rapportactivite.cjf.lu\/index.php?rest_route=\/wp\/v2\/types\/page"}],"author":[{"embeddable":true,"href":"https:\/\/rapportactivite.cjf.lu\/index.php?rest_route=\/wp\/v2\/users\/2"}],"replies":[{"embeddable":true,"href":"https:\/\/rapportactivite.cjf.lu\/index.php?rest_route=%2Fwp%2Fv2%2Fcomments&post=26635"}],"version-history":[{"count":28,"href":"https:\/\/rapportactivite.cjf.lu\/index.php?rest_route=\/wp\/v2\/pages\/26635\/revisions"}],"predecessor-version":[{"id":27259,"href":"https:\/\/rapportactivite.cjf.lu\/index.php?rest_route=\/wp\/v2\/pages\/26635\/revisions\/27259"}],"up":[{"embeddable":true,"href":"https:\/\/rapportactivite.cjf.lu\/index.php?rest_route=\/wp\/v2\/pages\/26383"}],"wp:attachment":[{"href":"https:\/\/rapportactivite.cjf.lu\/index.php?rest_route=%2Fwp%2Fv2%2Fmedia&parent=26635"}],"curies":[{"name":"wp","href":"https:\/\/api.w.org\/{rel}","templated":true}]}}