
{"id":26501,"date":"2023-05-22T12:51:17","date_gmt":"2023-05-22T12:51:17","guid":{"rendered":"https:\/\/rapportactivite.cjf.lu\/?page_id=26501"},"modified":"2023-07-14T08:24:08","modified_gmt":"2023-07-14T08:24:08","slug":"feelings-and-emotions","status":"publish","type":"page","link":"https:\/\/rapportactivite.cjf.lu\/?page_id=26501","title":{"rendered":"Feelings and Emotions"},"content":{"rendered":"\t\t<div data-elementor-type=\"wp-page\" data-elementor-id=\"26501\" class=\"elementor elementor-26501\">\n\t\t\t\t\t\t\t\t\t<section class=\"elementor-section elementor-top-section elementor-element elementor-element-68973fa elementor-section-full_width edgtf-elementor-container-inner elementor-section-height-default elementor-section-height-default edgtf-section edgtf-parallax-section-holder-touch-disabled edgtf-parallax-section-no\" data-id=\"68973fa\" data-element_type=\"section\" data-settings=\"{&quot;background_background&quot;:&quot;classic&quot;}\">\n\t\t\t\t\t\t<div class=\"elementor-container elementor-column-gap-default\">\n\t\t\t\t\t<div class=\"elementor-column elementor-col-50 elementor-top-column elementor-element elementor-element-d059b77\" data-id=\"d059b77\" data-element_type=\"column\">\n\t\t\t<div class=\"elementor-widget-wrap elementor-element-populated\">\n\t\t\t\t\t\t\t\t<div class=\"elementor-element elementor-element-44e4f26 elementor-widget elementor-widget-image\" data-id=\"44e4f26\" data-element_type=\"widget\" data-widget_type=\"image.default\">\n\t\t\t\t<div class=\"elementor-widget-container\">\n\t\t\t<style>\/*! elementor - v3.6.5 - 27-04-2022 *\/\n.elementor-widget-image{text-align:center}.elementor-widget-image a{display:inline-block}.elementor-widget-image a img[src$=\".svg\"]{width:48px}.elementor-widget-image img{vertical-align:middle;display:inline-block}<\/style>\t\t\t\t\t\t\t\t\t\t\t\t<img width=\"1024\" height=\"576\" src=\"https:\/\/rapportactivite.cjf.lu\/wp-content\/uploads\/2023\/05\/20230308_FeelingsAndEmotions_LoupeDessins-1024x576.jpg\" class=\"attachment-large size-large\" alt=\"\" loading=\"lazy\" srcset=\"https:\/\/rapportactivite.cjf.lu\/wp-content\/uploads\/2023\/05\/20230308_FeelingsAndEmotions_LoupeDessins-1024x576.jpg 1024w, https:\/\/rapportactivite.cjf.lu\/wp-content\/uploads\/2023\/05\/20230308_FeelingsAndEmotions_LoupeDessins-300x169.jpg 300w, https:\/\/rapportactivite.cjf.lu\/wp-content\/uploads\/2023\/05\/20230308_FeelingsAndEmotions_LoupeDessins-768x432.jpg 768w, https:\/\/rapportactivite.cjf.lu\/wp-content\/uploads\/2023\/05\/20230308_FeelingsAndEmotions_LoupeDessins-1536x864.jpg 1536w, https:\/\/rapportactivite.cjf.lu\/wp-content\/uploads\/2023\/05\/20230308_FeelingsAndEmotions_LoupeDessins-600x338.jpg 600w, https:\/\/rapportactivite.cjf.lu\/wp-content\/uploads\/2023\/05\/20230308_FeelingsAndEmotions_LoupeDessins.jpg 1920w\" sizes=\"(max-width: 1024px) 100vw, 1024px\" \/>\t\t\t\t\t\t\t\t\t\t\t\t\t\t\t<\/div>\n\t\t\t\t<\/div>\n\t\t\t\t<div class=\"elementor-element elementor-element-10ac3d7 elementor-widget elementor-widget-image\" data-id=\"10ac3d7\" data-element_type=\"widget\" data-widget_type=\"image.default\">\n\t\t\t\t<div class=\"elementor-widget-container\">\n\t\t\t\t\t\t\t\t\t\t\t\t\t\t\t<img width=\"1000\" height=\"645\" src=\"https:\/\/rapportactivite.cjf.lu\/wp-content\/uploads\/2023\/05\/Photo-Tableau-Thomas-Iser.jpg\" class=\"attachment-large size-large\" alt=\"\" loading=\"lazy\" srcset=\"https:\/\/rapportactivite.cjf.lu\/wp-content\/uploads\/2023\/05\/Photo-Tableau-Thomas-Iser.jpg 1000w, https:\/\/rapportactivite.cjf.lu\/wp-content\/uploads\/2023\/05\/Photo-Tableau-Thomas-Iser-300x194.jpg 300w, https:\/\/rapportactivite.cjf.lu\/wp-content\/uploads\/2023\/05\/Photo-Tableau-Thomas-Iser-768x495.jpg 768w, https:\/\/rapportactivite.cjf.lu\/wp-content\/uploads\/2023\/05\/Photo-Tableau-Thomas-Iser-600x387.jpg 600w\" sizes=\"(max-width: 1000px) 100vw, 1000px\" \/>\t\t\t\t\t\t\t\t\t\t\t\t\t\t\t<\/div>\n\t\t\t\t<\/div>\n\t\t\t\t\t<\/div>\n\t\t<\/div>\n\t\t\t\t<div class=\"elementor-column elementor-col-50 elementor-top-column elementor-element elementor-element-2011edd\" data-id=\"2011edd\" data-element_type=\"column\">\n\t\t\t<div class=\"elementor-widget-wrap elementor-element-populated\">\n\t\t\t\t\t\t\t\t<div class=\"elementor-element elementor-element-9186884 elementor-widget elementor-widget-text-editor\" data-id=\"9186884\" data-element_type=\"widget\" data-widget_type=\"text-editor.default\">\n\t\t\t\t<div class=\"elementor-widget-container\">\n\t\t\t<style>\/*! elementor - v3.6.5 - 27-04-2022 *\/\n.elementor-widget-text-editor.elementor-drop-cap-view-stacked .elementor-drop-cap{background-color:#818a91;color:#fff}.elementor-widget-text-editor.elementor-drop-cap-view-framed .elementor-drop-cap{color:#818a91;border:3px solid;background-color:transparent}.elementor-widget-text-editor:not(.elementor-drop-cap-view-default) .elementor-drop-cap{margin-top:8px}.elementor-widget-text-editor:not(.elementor-drop-cap-view-default) .elementor-drop-cap-letter{width:1em;height:1em}.elementor-widget-text-editor .elementor-drop-cap{float:left;text-align:center;line-height:1;font-size:50px}.elementor-widget-text-editor .elementor-drop-cap-letter{display:inline-block}<\/style>\t\t\t\t<div class=\"wpb_text_column wpb_content_element \"><div class=\"wpb_wrapper\"><h2>Projet \u201cFeelings and Emotions\u201d avec Thomas Iser<\/h2><\/div><\/div>\t\t\t\t\t\t<\/div>\n\t\t\t\t<\/div>\n\t\t\t\t<div class=\"elementor-element elementor-element-ae59e4f elementor-widget elementor-widget-edgtf_separator\" data-id=\"ae59e4f\" data-element_type=\"widget\" data-widget_type=\"edgtf_separator.default\">\n\t\t\t\t<div class=\"elementor-widget-container\">\n\t\t\t<div class=\"edgtf-separator-holder clearfix  edgtf-separator-left edgtf-separator-normal\">\n\t<div class=\"edgtf-separator\" style=\"border-color: #FFB422;width: 55px;border-bottom-width: 3px;margin-top: 25px;margin-bottom: 25px\"><\/div>\n<\/div>\n\t\t<\/div>\n\t\t\t\t<\/div>\n\t\t\t\t<div class=\"elementor-element elementor-element-b5be802 elementor-widget elementor-widget-text-editor\" data-id=\"b5be802\" data-element_type=\"widget\" data-widget_type=\"text-editor.default\">\n\t\t\t\t<div class=\"elementor-widget-container\">\n\t\t\t\t\t\t\t<p>Le projet \u00ab Feelings and Emotions \u00bb a \u00e9t\u00e9 s\u00e9lectionn\u00e9 dans le cadre de l\u2019appel \u00e0 projets lanc\u00e9 par l&rsquo;\u0152uvre de Secours Grande-Duchesse Charlotte : <span style=\"color: var( --e-global-color-text ); font-family: var( --e-global-typography-text-font-family ), Sans-serif; font-weight: var( --e-global-typography-text-font-weight );\">\u00ab ACTiON Jeunes \u2013 Bien vivre la pand\u00e9mie \u00bb. L\u2019\u0152uvre souhaitait soutenir financi\u00e8rement des initiatives ayant vocation \u00e0 am\u00e9liorer le bien-\u00eatre des enfants et des jeunes pendant et apr\u00e8s la pand\u00e9mie. Ce projet visait \u00e0 inviter nos enfants et nos jeunes \u00e0 exprimer leurs \u00e9motions sur une toile. Ce projet a \u00e9t\u00e9 facilit\u00e9 par Thomas Iser, artiste Luxembourgeois, connu pour sa m\u00e9taphore de la \u00ab\u00a0fen\u00eatre\u00a0\u00bb, symbole de r\u00e9silience et d\u2019espoir.<\/span><\/p><p>La toile a voyag\u00e9 \u00e0 travers 8 structures et a permis \u00e0 plus de 70 enfants et jeunes de s\u2019exprimer. Le r\u00e9sultat est \u00e9loquent : une toile de 3 m\u00e8tres de long sur 2 m\u00e8tres de large que nous conservons au si\u00e8ge.<\/p><p>Nous avons eu le grand honneur d\u2019\u00eatre invit\u00e9s le 14 mars 2023 par l\u2019\u0152uvre de Secours Grande-Duchesse Charlotte au MUDAM afin de pr\u00e9senter notre projet en pr\u00e9sence des membres du Conseil d&rsquo;Administration et des membres de la Direction de l\u2019\u0152uvre et d\u2019autres porteurs de projets s\u00e9lectionn\u00e9s. Cette rencontre nous a permis de d\u00e9couvrir d\u2019autres projets soutenus par l\u2019\u0152uvre et de faire la connaissance d\u2019acteurs soucieux du bien-\u00eatre des enfants et des jeunes.<\/p><p>La Direction de Caritas Jeunes et Familles et ses collaborateurs remercient l\u2019\u0152uvre de Secours Grande-Duchesse Charlotte pour cette opportunit\u00e9 et l\u2019impact positif que la projet a eu sur nos \u00e9quipes, les enfants et les jeunes.<\/p>\t\t\t\t\t\t<\/div>\n\t\t\t\t<\/div>\n\t\t\t\t\t<\/div>\n\t\t<\/div>\n\t\t\t\t\t\t\t<\/div>\n\t\t<\/section>\n\t\t\t\t<section class=\"elementor-section elementor-top-section elementor-element elementor-element-ddcdeb0 elementor-section-boxed elementor-section-height-default elementor-section-height-default edgtf-elementor-container-no edgtf-section edgtf-parallax-section-holder-touch-disabled edgtf-parallax-section-no\" data-id=\"ddcdeb0\" data-element_type=\"section\" data-settings=\"{&quot;background_background&quot;:&quot;classic&quot;}\">\n\t\t\t\t\t\t<div class=\"elementor-container elementor-column-gap-default\">\n\t\t\t\t\t<div class=\"elementor-column elementor-col-100 elementor-top-column elementor-element elementor-element-f02af88\" data-id=\"f02af88\" data-element_type=\"column\" data-settings=\"{&quot;background_background&quot;:&quot;classic&quot;}\">\n\t\t\t<div class=\"elementor-widget-wrap elementor-element-populated\">\n\t\t\t\t\t\t\t\t<div class=\"elementor-element elementor-element-f7db8fb elementor-widget elementor-widget-edgtf_call_to_action\" data-id=\"f7db8fb\" data-element_type=\"widget\" data-widget_type=\"edgtf_call_to_action.default\">\n\t\t\t\t<div class=\"elementor-widget-container\">\n\t\t\t\t<div class=\"edgtf-call-to-action normal\" style=\"background-color: #FCBF48;\">\n\n\t\t\t\t<div class=\"edgtf-container-inner\">\n\t\t\t\t\t<div class=\"edgtf-call-to-action-row-50-50 clearfix\" >\n\t\t\t\t\t\t<div class=\"edgtf-text-wrapper edgtf-call-to-action-column1 edgtf-call-to-action-cell \">\n\t\t\t\t\t<div class=\"edgtf-call-to-action-text\" style=\"text-align: center\">\t\t\t\t\t\t\t\t\t\t\t<\/div>\n\t\t\t\t<\/div>\n\n\t\t\t\t\t\t\t\t\t<div class=\"edgtf-button-wrapper edgtf-call-to-action-column2 edgtf-call-to-action-cell\" style =\"text-align: center ;\">\n\t\t\t\t\t\t<a itemprop=\"url\" href=\"http:\/\/rapportactivite.cjf.lu\" target=\"_self\" style=\"color: #FFFFFF;background-color: #FCBF48;border-color: #FFFFFF\" class=\"edgtf-btn edgtf-btn-medium edgtf-btn-solid edgtf-btn-custom-hover-bg edgtf-btn-custom-hover-color\" data-hover-bg-color=\"#FFFFFF\" data-hover-color=\"#212121\" >\t<span class=\"edgtf-btn-text\">Retour<\/span>    <\/a>\t\t\t\t\t<\/div>\n\t\t\t\t\t\t\t<\/div>\n\t\t\t\t<\/div>\n\t\t\t<\/div>\n\t\t<\/div>\n\t\t\t\t<\/div>\n\t\t\t\t\t<\/div>\n\t\t<\/div>\n\t\t\t\t\t\t\t<\/div>\n\t\t<\/section>\n\t\t\t\t\t\t\t<\/div>\n\t\t","protected":false},"excerpt":{"rendered":"<p>Projet \u201cFeelings and Emotions\u201d avec Thomas Iser Le projet \u00ab Feelings and Emotions \u00bb a \u00e9t\u00e9 s\u00e9lectionn\u00e9 dans le cadre de l\u2019appel \u00e0 projets lanc\u00e9 par l&rsquo;\u0152uvre de Secours Grande-Duchesse Charlotte : \u00ab ACTiON Jeunes \u2013 Bien vivre la pand\u00e9mie \u00bb. L\u2019\u0152uvre souhaitait soutenir financi\u00e8rement&#8230;<\/p>\n","protected":false},"author":2,"featured_media":0,"parent":26383,"menu_order":0,"comment_status":"closed","ping_status":"closed","template":"full-width.php","meta":[],"_links":{"self":[{"href":"https:\/\/rapportactivite.cjf.lu\/index.php?rest_route=\/wp\/v2\/pages\/26501"}],"collection":[{"href":"https:\/\/rapportactivite.cjf.lu\/index.php?rest_route=\/wp\/v2\/pages"}],"about":[{"href":"https:\/\/rapportactivite.cjf.lu\/index.php?rest_route=\/wp\/v2\/types\/page"}],"author":[{"embeddable":true,"href":"https:\/\/rapportactivite.cjf.lu\/index.php?rest_route=\/wp\/v2\/users\/2"}],"replies":[{"embeddable":true,"href":"https:\/\/rapportactivite.cjf.lu\/index.php?rest_route=%2Fwp%2Fv2%2Fcomments&post=26501"}],"version-history":[{"count":19,"href":"https:\/\/rapportactivite.cjf.lu\/index.php?rest_route=\/wp\/v2\/pages\/26501\/revisions"}],"predecessor-version":[{"id":27237,"href":"https:\/\/rapportactivite.cjf.lu\/index.php?rest_route=\/wp\/v2\/pages\/26501\/revisions\/27237"}],"up":[{"embeddable":true,"href":"https:\/\/rapportactivite.cjf.lu\/index.php?rest_route=\/wp\/v2\/pages\/26383"}],"wp:attachment":[{"href":"https:\/\/rapportactivite.cjf.lu\/index.php?rest_route=%2Fwp%2Fv2%2Fmedia&parent=26501"}],"curies":[{"name":"wp","href":"https:\/\/api.w.org\/{rel}","templated":true}]}}

<div data-elementor-type="wp-page" data-elementor-id="26501" class="elementor elementor-26501">
									<section class="elementor-section elementor-top-section elementor-element elementor-element-68973fa elementor-section-full_width edgtf-elementor-container-inner elementor-section-height-default elementor-section-height-default edgtf-section edgtf-parallax-section-holder-touch-disabled edgtf-parallax-section-no" data-id="68973fa" data-element_type="section" data-settings="{&quot;background_background&quot;:&quot;classic&quot;}">
						<div class="elementor-container elementor-column-gap-default">
					<div class="elementor-column elementor-col-50 elementor-top-column elementor-element elementor-element-d059b77" data-id="d059b77" data-element_type="column">
			<div class="elementor-widget-wrap elementor-element-populated">
								<div class="elementor-element elementor-element-44e4f26 elementor-widget elementor-widget-image" data-id="44e4f26" data-element_type="widget" data-widget_type="image.default">
				<div class="elementor-widget-container">
			<style>/*! elementor - v3.6.5 - 27-04-2022 */
.elementor-widget-image{text-align:center}.elementor-widget-image a{display:inline-block}.elementor-widget-image a img[src$=".svg"]{width:48px}.elementor-widget-image img{vertical-align:middle;display:inline-block}</style>												<img width="1024" height="576" src="https://rapportactivite.cjf.lu/wp-content/uploads/2023/05/20230308_FeelingsAndEmotions_LoupeDessins-1024x576.jpg" class="attachment-large size-large" alt="" loading="lazy" srcset="https://rapportactivite.cjf.lu/wp-content/uploads/2023/05/20230308_FeelingsAndEmotions_LoupeDessins-1024x576.jpg 1024w, https://rapportactivite.cjf.lu/wp-content/uploads/2023/05/20230308_FeelingsAndEmotions_LoupeDessins-300x169.jpg 300w, https://rapportactivite.cjf.lu/wp-content/uploads/2023/05/20230308_FeelingsAndEmotions_LoupeDessins-768x432.jpg 768w, https://rapportactivite.cjf.lu/wp-content/uploads/2023/05/20230308_FeelingsAndEmotions_LoupeDessins-1536x864.jpg 1536w, https://rapportactivite.cjf.lu/wp-content/uploads/2023/05/20230308_FeelingsAndEmotions_LoupeDessins-600x338.jpg 600w, https://rapportactivite.cjf.lu/wp-content/uploads/2023/05/20230308_FeelingsAndEmotions_LoupeDessins.jpg 1920w" sizes="(max-width: 1024px) 100vw, 1024px" />															</div>
				</div>
				<div class="elementor-element elementor-element-10ac3d7 elementor-widget elementor-widget-image" data-id="10ac3d7" data-element_type="widget" data-widget_type="image.default">
				<div class="elementor-widget-container">
															<img width="1000" height="645" src="https://rapportactivite.cjf.lu/wp-content/uploads/2023/05/Photo-Tableau-Thomas-Iser.jpg" class="attachment-large size-large" alt="" loading="lazy" srcset="https://rapportactivite.cjf.lu/wp-content/uploads/2023/05/Photo-Tableau-Thomas-Iser.jpg 1000w, https://rapportactivite.cjf.lu/wp-content/uploads/2023/05/Photo-Tableau-Thomas-Iser-300x194.jpg 300w, https://rapportactivite.cjf.lu/wp-content/uploads/2023/05/Photo-Tableau-Thomas-Iser-768x495.jpg 768w, https://rapportactivite.cjf.lu/wp-content/uploads/2023/05/Photo-Tableau-Thomas-Iser-600x387.jpg 600w" sizes="(max-width: 1000px) 100vw, 1000px" />															</div>
				</div>
					</div>
		</div>
				<div class="elementor-column elementor-col-50 elementor-top-column elementor-element elementor-element-2011edd" data-id="2011edd" data-element_type="column">
			<div class="elementor-widget-wrap elementor-element-populated">
								<div class="elementor-element elementor-element-9186884 elementor-widget elementor-widget-text-editor" data-id="9186884" data-element_type="widget" data-widget_type="text-editor.default">
				<div class="elementor-widget-container">
			<style>/*! elementor - v3.6.5 - 27-04-2022 */
.elementor-widget-text-editor.elementor-drop-cap-view-stacked .elementor-drop-cap{background-color:#818a91;color:#fff}.elementor-widget-text-editor.elementor-drop-cap-view-framed .elementor-drop-cap{color:#818a91;border:3px solid;background-color:transparent}.elementor-widget-text-editor:not(.elementor-drop-cap-view-default) .elementor-drop-cap{margin-top:8px}.elementor-widget-text-editor:not(.elementor-drop-cap-view-default) .elementor-drop-cap-letter{width:1em;height:1em}.elementor-widget-text-editor .elementor-drop-cap{float:left;text-align:center;line-height:1;font-size:50px}.elementor-widget-text-editor .elementor-drop-cap-letter{display:inline-block}</style>				<div class="wpb_text_column wpb_content_element "><div class="wpb_wrapper"><h2>Projet “Feelings and Emotions” avec Thomas Iser</h2></div></div>						</div>
				</div>
				<div class="elementor-element elementor-element-ae59e4f elementor-widget elementor-widget-edgtf_separator" data-id="ae59e4f" data-element_type="widget" data-widget_type="edgtf_separator.default">
				<div class="elementor-widget-container">
			<div class="edgtf-separator-holder clearfix  edgtf-separator-left edgtf-separator-normal">
	<div class="edgtf-separator" style="border-color: #FFB422;width: 55px;border-bottom-width: 3px;margin-top: 25px;margin-bottom: 25px"></div>
</div>
		</div>
				</div>
				<div class="elementor-element elementor-element-b5be802 elementor-widget elementor-widget-text-editor" data-id="b5be802" data-element_type="widget" data-widget_type="text-editor.default">
				<div class="elementor-widget-container">
							<p>Le projet « Feelings and Emotions » a été sélectionné dans le cadre de l’appel à projets lancé par l&rsquo;Œuvre de Secours Grande-Duchesse Charlotte : <span style="color: var( --e-global-color-text ); font-family: var( --e-global-typography-text-font-family ), Sans-serif; font-weight: var( --e-global-typography-text-font-weight );">« ACTiON Jeunes – Bien vivre la pandémie ». L’Œuvre souhaitait soutenir financièrement des initiatives ayant vocation à améliorer le bien-être des enfants et des jeunes pendant et après la pandémie. Ce projet visait à inviter nos enfants et nos jeunes à exprimer leurs émotions sur une toile. Ce projet a été facilité par Thomas Iser, artiste Luxembourgeois, connu pour sa métaphore de la « fenêtre », symbole de résilience et d’espoir.</span></p><p>La toile a voyagé à travers 8 structures et a permis à plus de 70 enfants et jeunes de s’exprimer. Le résultat est éloquent : une toile de 3 mètres de long sur 2 mètres de large que nous conservons au siège.</p><p>Nous avons eu le grand honneur d’être invités le 14 mars 2023 par l’Œuvre de Secours Grande-Duchesse Charlotte au MUDAM afin de présenter notre projet en présence des membres du Conseil d&rsquo;Administration et des membres de la Direction de l’Œuvre et d’autres porteurs de projets sélectionnés. Cette rencontre nous a permis de découvrir d’autres projets soutenus par l’Œuvre et de faire la connaissance d’acteurs soucieux du bien-être des enfants et des jeunes.</p><p>La Direction de Caritas Jeunes et Familles et ses collaborateurs remercient l’Œuvre de Secours Grande-Duchesse Charlotte pour cette opportunité et l’impact positif que la projet a eu sur nos équipes, les enfants et les jeunes.</p>						</div>
				</div>
					</div>
		</div>
							</div>
		</section>
				<section class="elementor-section elementor-top-section elementor-element elementor-element-ddcdeb0 elementor-section-boxed elementor-section-height-default elementor-section-height-default edgtf-elementor-container-no edgtf-section edgtf-parallax-section-holder-touch-disabled edgtf-parallax-section-no" data-id="ddcdeb0" data-element_type="section" data-settings="{&quot;background_background&quot;:&quot;classic&quot;}">
						<div class="elementor-container elementor-column-gap-default">
					<div class="elementor-column elementor-col-100 elementor-top-column elementor-element elementor-element-f02af88" data-id="f02af88" data-element_type="column" data-settings="{&quot;background_background&quot;:&quot;classic&quot;}">
			<div class="elementor-widget-wrap elementor-element-populated">
								<div class="elementor-element elementor-element-f7db8fb elementor-widget elementor-widget-edgtf_call_to_action" data-id="f7db8fb" data-element_type="widget" data-widget_type="edgtf_call_to_action.default">
				<div class="elementor-widget-container">
				<div class="edgtf-call-to-action normal" style="background-color: #FCBF48;">

				<div class="edgtf-container-inner">
					<div class="edgtf-call-to-action-row-50-50 clearfix" >
						<div class="edgtf-text-wrapper edgtf-call-to-action-column1 edgtf-call-to-action-cell ">
					<div class="edgtf-call-to-action-text" style="text-align: center">											</div>
				</div>

									<div class="edgtf-button-wrapper edgtf-call-to-action-column2 edgtf-call-to-action-cell" style ="text-align: center ;">
						<a itemprop="url" href="http://rapportactivite.cjf.lu" target="_self" style="color: #FFFFFF;background-color: #FCBF48;border-color: #FFFFFF" class="edgtf-btn edgtf-btn-medium edgtf-btn-solid edgtf-btn-custom-hover-bg edgtf-btn-custom-hover-color" data-hover-bg-color="#FFFFFF" data-hover-color="#212121" >	<span class="edgtf-btn-text">Retour</span>    </a>					</div>
							</div>
				</div>
			</div>
		</div>
				</div>
					</div>
		</div>
							</div>
		</section>
							</div>

<p>Projet “Feelings and Emotions” avec Thomas Iser Le projet « Feelings and Emotions » a été sélectionné dans le cadre de l’appel à projets lancé par l&rsquo;Œuvre de Secours Grande-Duchesse Charlotte : « ACTiON Jeunes – Bien vivre la pandémie ». L’Œuvre souhaitait soutenir financièrement&#8230;</p>
