
{"id":25715,"date":"2022-05-29T20:03:25","date_gmt":"2022-05-29T20:03:25","guid":{"rendered":"http:\/\/rapportactivite.cjf.lu\/?page_id=25715"},"modified":"2022-08-11T09:53:08","modified_gmt":"2022-08-11T09:53:08","slug":"youngcaritas","status":"publish","type":"page","link":"https:\/\/rapportactivite.cjf.lu\/?page_id=25715","title":{"rendered":"youngcaritas"},"content":{"rendered":"\t\t<div data-elementor-type=\"wp-page\" data-elementor-id=\"25715\" class=\"elementor elementor-25715\">\n\t\t\t\t\t\t\t\t\t<section class=\"elementor-section elementor-top-section elementor-element elementor-element-96f04d2 elementor-section-boxed elementor-section-height-default elementor-section-height-default edgtf-elementor-container-no edgtf-section edgtf-parallax-section-holder-touch-disabled edgtf-parallax-section-no\" data-id=\"96f04d2\" data-element_type=\"section\">\n\t\t\t\t\t\t<div class=\"elementor-container elementor-column-gap-default\">\n\t\t\t\t\t<div class=\"elementor-column elementor-col-50 elementor-top-column elementor-element elementor-element-4a008da\" data-id=\"4a008da\" data-element_type=\"column\">\n\t\t\t<div class=\"elementor-widget-wrap elementor-element-populated\">\n\t\t\t\t\t\t\t\t<div class=\"elementor-element elementor-element-7fff202 elementor-widget elementor-widget-text-editor\" data-id=\"7fff202\" data-element_type=\"widget\" data-widget_type=\"text-editor.default\">\n\t\t\t\t<div class=\"elementor-widget-container\">\n\t\t\t<style>\/*! elementor - v3.6.5 - 27-04-2022 *\/\n.elementor-widget-text-editor.elementor-drop-cap-view-stacked .elementor-drop-cap{background-color:#818a91;color:#fff}.elementor-widget-text-editor.elementor-drop-cap-view-framed .elementor-drop-cap{color:#818a91;border:3px solid;background-color:transparent}.elementor-widget-text-editor:not(.elementor-drop-cap-view-default) .elementor-drop-cap{margin-top:8px}.elementor-widget-text-editor:not(.elementor-drop-cap-view-default) .elementor-drop-cap-letter{width:1em;height:1em}.elementor-widget-text-editor .elementor-drop-cap{float:left;text-align:center;line-height:1;font-size:50px}.elementor-widget-text-editor .elementor-drop-cap-letter{display:inline-block}<\/style>\t\t\t\t<p style=\"font-weight: 400;\">youngcaritas est un service de Caritas Jeunes et Familles. youngcaritas travaille sur deux axes principaux: Le service vacances et le service b\u00e9n\u00e9volat. youngcaritas a pour mission de donner aux jeunes des occasions de faire des exp\u00e9riences sociales (comme celle de s&rsquo;engager en tant qu&rsquo;animateur pour les colonies de jeunes et enfants) afin de d\u00e9velopper des valeurs humaines et de devenir des citoyens actifs.<\/p>\n<p style=\"font-weight: 400;\">\n<\/p><p style=\"font-weight: 400;\">Il existe diff\u00e9rentes possibilit\u00e9s pour s\u2019engager en tant que jeune b\u00e9n\u00e9vole chez youngcaritas&nbsp;:<\/p>\n<p style=\"font-weight: 400;\">\n<\/p><ul>\n<li>Participer et animer des <a href=\"https:\/\/rapportactivite.cjf.lu\/?page_id=25322\">colonies de vacances<\/a>;<\/li>\n<li>Suivre la <a href=\"https:\/\/www.youngcaritas.lu\/fr\/about-young-caritas\/formations-concept\/formation-animateur\">formation d&rsquo;animateur<\/a>;<\/li>\n<li>Participer \u00e0 un&nbsp; <a href=\"https:\/\/www.youngcaritas.lu\/fr\/about-young-caritas\/solidactive\/concept\">projets solidaires<\/a>;<\/li>\n<li>Animer une activit\u00e9 du <a href=\"https:\/\/rapportactivite.cjf.lu\/?page_id=25315\">Spillmobil<\/a>.<\/li>\n<\/ul>\n<p style=\"font-weight: 400;\">\n<\/p><p style=\"font-weight: 400;\">youngcaritas a pr\u00e9sent\u00e9 un nouveau logo au d\u00e9but des vacances d\u2019\u00e9t\u00e9 2021. La relance du logo une image ext\u00e9rieure moderne et attrayante. Le design jeune et \u00e9pur\u00e9 est en lien avec l\u2019\u00e9nergie, les projets et les valeurs des jeunes et de l\u2019\u00e9quipe de youngcaritas<\/p>\n<p style=\"font-weight: 400;\">\n<\/p><p style=\"font-weight: 400;\">En 2021, de nombreuses activit\u00e9s se sont concentr\u00e9es sur le bien-\u00eatre des jeunes, notamment, le projet ARTiculate&nbsp;: ARTiculate \u00e9tait une galerie d&rsquo;art ext\u00e9rieure mobile qui a \u00e9t\u00e9 expos\u00e9e durant l\u2019\u00e9t\u00e9 dans cinq municipalit\u00e9s.<\/p>\n<p style=\"font-weight: 400;\">Il s&rsquo;agissait de trois cubes en bois de 2,5 x 2,5 x 2,5 m\u00e8tres, soit 12 grandes faces peintes \u00e0 la bombe par des jeunes avec des graffitis. Ce projet a \u00e9t\u00e9 financ\u00e9 par le SNJ. Les jeunes artistes ont eu l&rsquo;opportunit\u00e9 d&rsquo;exprimer leurs sentiments face \u00e0 la pand\u00e9mie de COVID ou leur d\u00e9sir de le faire par la suite. Ils ont \u00e9t\u00e9 accompagn\u00e9s des StreetArtists Raphael Gindt et Daniel Mac Lloyd de la Kamellebuttek d&rsquo;Esch.<\/p>\n<p style=\"font-weight: 400;\">La collaboration sur ce projet s\u2019est poursuivie avec notre maison de jeunes Am Quartier&nbsp;: les jeunes de la maison ont pu, au terme de l\u2019exposition de rue, transformer les \u0153uvres en mobilier.<\/p>\t\t\t\t\t\t<\/div>\n\t\t\t\t<\/div>\n\t\t\t\t\t<\/div>\n\t\t<\/div>\n\t\t\t\t<div class=\"elementor-column elementor-col-50 elementor-top-column elementor-element elementor-element-ea2bcd7\" data-id=\"ea2bcd7\" data-element_type=\"column\">\n\t\t\t<div class=\"elementor-widget-wrap elementor-element-populated\">\n\t\t\t\t\t\t\t\t<div class=\"elementor-element elementor-element-5de72ca elementor-widget elementor-widget-image\" data-id=\"5de72ca\" data-element_type=\"widget\" data-widget_type=\"image.default\">\n\t\t\t\t<div class=\"elementor-widget-container\">\n\t\t\t<style>\/*! elementor - v3.6.5 - 27-04-2022 *\/\n.elementor-widget-image{text-align:center}.elementor-widget-image a{display:inline-block}.elementor-widget-image a img[src$=\".svg\"]{width:48px}.elementor-widget-image img{vertical-align:middle;display:inline-block}<\/style>\t\t\t\t\t\t\t\t\t\t\t\t<img width=\"500\" height=\"125\" src=\"https:\/\/rapportactivite.cjf.lu\/wp-content\/uploads\/2022\/05\/YoungCaritas_logo_AvecBaseline_Small.jpg\" class=\"attachment-large size-large\" alt=\"\" loading=\"lazy\" srcset=\"https:\/\/rapportactivite.cjf.lu\/wp-content\/uploads\/2022\/05\/YoungCaritas_logo_AvecBaseline_Small.jpg 500w, https:\/\/rapportactivite.cjf.lu\/wp-content\/uploads\/2022\/05\/YoungCaritas_logo_AvecBaseline_Small-300x75.jpg 300w\" sizes=\"(max-width: 500px) 100vw, 500px\" \/>\t\t\t\t\t\t\t\t\t\t\t\t\t\t\t<\/div>\n\t\t\t\t<\/div>\n\t\t\t\t<div class=\"elementor-element elementor-element-f8e58b8 elementor-widget elementor-widget-image\" data-id=\"f8e58b8\" data-element_type=\"widget\" data-widget_type=\"image.default\">\n\t\t\t\t<div class=\"elementor-widget-container\">\n\t\t\t\t\t\t\t\t\t\t\t\t\t\t\t<img width=\"300\" height=\"300\" src=\"https:\/\/rapportactivite.cjf.lu\/wp-content\/uploads\/2022\/05\/bloomnow-Original-300x300.png\" class=\"attachment-shop_catalog size-shop_catalog\" alt=\"\" loading=\"lazy\" srcset=\"https:\/\/rapportactivite.cjf.lu\/wp-content\/uploads\/2022\/05\/bloomnow-Original-300x300.png 300w, https:\/\/rapportactivite.cjf.lu\/wp-content\/uploads\/2022\/05\/bloomnow-Original-1024x1024.png 1024w, https:\/\/rapportactivite.cjf.lu\/wp-content\/uploads\/2022\/05\/bloomnow-Original-150x150.png 150w, https:\/\/rapportactivite.cjf.lu\/wp-content\/uploads\/2022\/05\/bloomnow-Original-768x768.png 768w, https:\/\/rapportactivite.cjf.lu\/wp-content\/uploads\/2022\/05\/bloomnow-Original-550x550.png 550w, https:\/\/rapportactivite.cjf.lu\/wp-content\/uploads\/2022\/05\/bloomnow-Original-1000x1000.png 1000w, https:\/\/rapportactivite.cjf.lu\/wp-content\/uploads\/2022\/05\/bloomnow-Original-650x650.png 650w, https:\/\/rapportactivite.cjf.lu\/wp-content\/uploads\/2022\/05\/bloomnow-Original-600x600.png 600w, https:\/\/rapportactivite.cjf.lu\/wp-content\/uploads\/2022\/05\/bloomnow-Original-100x100.png 100w, https:\/\/rapportactivite.cjf.lu\/wp-content\/uploads\/2022\/05\/bloomnow-Original.png 1080w\" sizes=\"(max-width: 300px) 100vw, 300px\" \/>\t\t\t\t\t\t\t\t\t\t\t\t\t\t\t<\/div>\n\t\t\t\t<\/div>\n\t\t\t\t<div class=\"elementor-element elementor-element-40ae989 elementor-widget elementor-widget-edgtf_separator\" data-id=\"40ae989\" data-element_type=\"widget\" data-widget_type=\"edgtf_separator.default\">\n\t\t\t\t<div class=\"elementor-widget-container\">\n\t\t\t<div class=\"edgtf-separator-holder clearfix  edgtf-separator-left edgtf-separator-normal\">\n\t<div class=\"edgtf-separator\" style=\"border-color: #FFB422;width: 55px;border-bottom-width: 3px;margin-top: 25px;margin-bottom: 25px\"><\/div>\n<\/div>\n\t\t<\/div>\n\t\t\t\t<\/div>\n\t\t\t\t<div class=\"elementor-element elementor-element-272de40 elementor-widget elementor-widget-text-editor\" data-id=\"272de40\" data-element_type=\"widget\" data-widget_type=\"text-editor.default\">\n\t\t\t\t<div class=\"elementor-widget-container\">\n\t\t\t\t\t\t\t<div class=\"wpb_text_column wpb_content_element \"><div class=\"wpb_wrapper\"><h2>Projet ARTiculate<\/h2><\/div><\/div>\t\t\t\t\t\t<\/div>\n\t\t\t\t<\/div>\n\t\t\t\t<div class=\"elementor-element elementor-element-ee2c0d5 elementor-widget elementor-widget-qi_addons_for_elementor_image_gallery\" data-id=\"ee2c0d5\" data-element_type=\"widget\" data-widget_type=\"qi_addons_for_elementor_image_gallery.default\">\n\t\t\t\t<div class=\"elementor-widget-container\">\n\t\t\t<div class=\"qodef-shortcode qodef-m  qodef-qi-image-gallery qodef-qi-fslightbox-popup qodef-popup-gallery qodef-image--hover-zoom  qodef-qi-grid qodef-layout--qi-columns  qodef-col-num--3   qodef-responsive--predefined\">\n\t<div class=\"qodef-grid-inner\">\n\t\t<div class=\"qodef-e qodef-image-wrapper qodef-grid-item\">\n\t<div class=\"qodef-e-inner\">\n\t\t\t\t\t<a class=\"qodef-popup-item\" itemprop=\"image\" href=\"https:\/\/rapportactivite.cjf.lu\/wp-content\/uploads\/2022\/05\/252082082_5154695141224875_2599370179837711633_n.jpg\" data-type=\"image\" data-fslightbox=\"gallery-965\">\n\t\t\t\t\t\t<img width=\"720\" height=\"960\" src=\"https:\/\/rapportactivite.cjf.lu\/wp-content\/uploads\/2022\/05\/252082082_5154695141224875_2599370179837711633_n.jpg\" class=\"attachment-full size-full\" alt=\"\" loading=\"lazy\" srcset=\"https:\/\/rapportactivite.cjf.lu\/wp-content\/uploads\/2022\/05\/252082082_5154695141224875_2599370179837711633_n.jpg 720w, https:\/\/rapportactivite.cjf.lu\/wp-content\/uploads\/2022\/05\/252082082_5154695141224875_2599370179837711633_n-225x300.jpg 225w, https:\/\/rapportactivite.cjf.lu\/wp-content\/uploads\/2022\/05\/252082082_5154695141224875_2599370179837711633_n-600x800.jpg 600w\" sizes=\"(max-width: 720px) 100vw, 720px\" \/>\t\t\t\t\t<\/a>\n\t\t\t<\/div>\n<\/div>\n<div class=\"qodef-e qodef-image-wrapper qodef-grid-item\">\n\t<div class=\"qodef-e-inner\">\n\t\t\t\t\t<a class=\"qodef-popup-item\" itemprop=\"image\" href=\"https:\/\/rapportactivite.cjf.lu\/wp-content\/uploads\/2022\/05\/252781176_5154695114558211_2437317489884567893_n.jpg\" data-type=\"image\" data-fslightbox=\"gallery-965\">\n\t\t\t\t\t\t<img width=\"720\" height=\"960\" src=\"https:\/\/rapportactivite.cjf.lu\/wp-content\/uploads\/2022\/05\/252781176_5154695114558211_2437317489884567893_n.jpg\" class=\"attachment-full size-full\" alt=\"\" loading=\"lazy\" srcset=\"https:\/\/rapportactivite.cjf.lu\/wp-content\/uploads\/2022\/05\/252781176_5154695114558211_2437317489884567893_n.jpg 720w, https:\/\/rapportactivite.cjf.lu\/wp-content\/uploads\/2022\/05\/252781176_5154695114558211_2437317489884567893_n-225x300.jpg 225w, https:\/\/rapportactivite.cjf.lu\/wp-content\/uploads\/2022\/05\/252781176_5154695114558211_2437317489884567893_n-600x800.jpg 600w\" sizes=\"(max-width: 720px) 100vw, 720px\" \/>\t\t\t\t\t<\/a>\n\t\t\t<\/div>\n<\/div>\n<div class=\"qodef-e qodef-image-wrapper qodef-grid-item\">\n\t<div class=\"qodef-e-inner\">\n\t\t\t\t\t<a class=\"qodef-popup-item\" itemprop=\"image\" href=\"https:\/\/rapportactivite.cjf.lu\/wp-content\/uploads\/2022\/05\/Articulate-Remichsmall.jpg\" data-type=\"image\" data-fslightbox=\"gallery-965\">\n\t\t\t\t\t\t<img width=\"1200\" height=\"900\" src=\"https:\/\/rapportactivite.cjf.lu\/wp-content\/uploads\/2022\/05\/Articulate-Remichsmall.jpg\" class=\"attachment-full size-full\" alt=\"\" loading=\"lazy\" srcset=\"https:\/\/rapportactivite.cjf.lu\/wp-content\/uploads\/2022\/05\/Articulate-Remichsmall.jpg 1200w, https:\/\/rapportactivite.cjf.lu\/wp-content\/uploads\/2022\/05\/Articulate-Remichsmall-300x225.jpg 300w, https:\/\/rapportactivite.cjf.lu\/wp-content\/uploads\/2022\/05\/Articulate-Remichsmall-1024x768.jpg 1024w, https:\/\/rapportactivite.cjf.lu\/wp-content\/uploads\/2022\/05\/Articulate-Remichsmall-768x576.jpg 768w, https:\/\/rapportactivite.cjf.lu\/wp-content\/uploads\/2022\/05\/Articulate-Remichsmall-800x600.jpg 800w, https:\/\/rapportactivite.cjf.lu\/wp-content\/uploads\/2022\/05\/Articulate-Remichsmall-600x450.jpg 600w\" sizes=\"(max-width: 1200px) 100vw, 1200px\" \/>\t\t\t\t\t<\/a>\n\t\t\t<\/div>\n<\/div>\n\t<\/div>\n<\/div>\n\t\t<\/div>\n\t\t\t\t<\/div>\n\t\t\t\t\t<\/div>\n\t\t<\/div>\n\t\t\t\t\t\t\t<\/div>\n\t\t<\/section>\n\t\t\t\t<section class=\"elementor-section elementor-top-section elementor-element elementor-element-77390da elementor-section-boxed elementor-section-height-default elementor-section-height-default edgtf-elementor-container-no edgtf-section edgtf-parallax-section-holder-touch-disabled edgtf-parallax-section-no\" data-id=\"77390da\" data-element_type=\"section\">\n\t\t\t\t\t\t<div class=\"elementor-container elementor-column-gap-default\">\n\t\t\t\t\t<div class=\"elementor-column elementor-col-33 elementor-top-column elementor-element elementor-element-2b3925f\" data-id=\"2b3925f\" data-element_type=\"column\">\n\t\t\t<div class=\"elementor-widget-wrap elementor-element-populated\">\n\t\t\t\t\t\t\t\t<div class=\"elementor-element elementor-element-26e9dfd elementor-widget elementor-widget-image\" data-id=\"26e9dfd\" data-element_type=\"widget\" data-widget_type=\"image.default\">\n\t\t\t\t<div class=\"elementor-widget-container\">\n\t\t\t\t\t\t\t\t\t\t\t\t\t\t\t<img width=\"500\" height=\"500\" src=\"https:\/\/rapportactivite.cjf.lu\/wp-content\/uploads\/2022\/05\/2021-1.png\" class=\"attachment-large size-large\" alt=\"\" loading=\"lazy\" srcset=\"https:\/\/rapportactivite.cjf.lu\/wp-content\/uploads\/2022\/05\/2021-1.png 500w, https:\/\/rapportactivite.cjf.lu\/wp-content\/uploads\/2022\/05\/2021-1-300x300.png 300w, https:\/\/rapportactivite.cjf.lu\/wp-content\/uploads\/2022\/05\/2021-1-150x150.png 150w, https:\/\/rapportactivite.cjf.lu\/wp-content\/uploads\/2022\/05\/2021-1-100x100.png 100w\" sizes=\"(max-width: 500px) 100vw, 500px\" \/>\t\t\t\t\t\t\t\t\t\t\t\t\t\t\t<\/div>\n\t\t\t\t<\/div>\n\t\t\t\t\t<\/div>\n\t\t<\/div>\n\t\t\t\t<div class=\"elementor-column elementor-col-33 elementor-top-column elementor-element elementor-element-58e6416\" data-id=\"58e6416\" data-element_type=\"column\">\n\t\t\t<div class=\"elementor-widget-wrap elementor-element-populated\">\n\t\t\t\t\t\t\t\t<div class=\"elementor-element elementor-element-13cbaf6 elementor-widget elementor-widget-image\" data-id=\"13cbaf6\" data-element_type=\"widget\" data-widget_type=\"image.default\">\n\t\t\t\t<div class=\"elementor-widget-container\">\n\t\t\t\t\t\t\t\t\t\t\t\t\t\t\t<img width=\"500\" height=\"500\" src=\"https:\/\/rapportactivite.cjf.lu\/wp-content\/uploads\/2022\/05\/40-2.png\" class=\"attachment-large size-large\" alt=\"\" loading=\"lazy\" srcset=\"https:\/\/rapportactivite.cjf.lu\/wp-content\/uploads\/2022\/05\/40-2.png 500w, https:\/\/rapportactivite.cjf.lu\/wp-content\/uploads\/2022\/05\/40-2-300x300.png 300w, https:\/\/rapportactivite.cjf.lu\/wp-content\/uploads\/2022\/05\/40-2-150x150.png 150w, https:\/\/rapportactivite.cjf.lu\/wp-content\/uploads\/2022\/05\/40-2-100x100.png 100w\" sizes=\"(max-width: 500px) 100vw, 500px\" \/>\t\t\t\t\t\t\t\t\t\t\t\t\t\t\t<\/div>\n\t\t\t\t<\/div>\n\t\t\t\t\t<\/div>\n\t\t<\/div>\n\t\t\t\t<div class=\"elementor-column elementor-col-33 elementor-top-column elementor-element elementor-element-2d4ac99\" data-id=\"2d4ac99\" data-element_type=\"column\">\n\t\t\t<div class=\"elementor-widget-wrap elementor-element-populated\">\n\t\t\t\t\t\t\t\t<div class=\"elementor-element elementor-element-0cceee0 elementor-widget elementor-widget-image\" data-id=\"0cceee0\" data-element_type=\"widget\" data-widget_type=\"image.default\">\n\t\t\t\t<div class=\"elementor-widget-container\">\n\t\t\t\t\t\t\t\t\t\t\t\t\t\t\t<img width=\"500\" height=\"500\" src=\"https:\/\/rapportactivite.cjf.lu\/wp-content\/uploads\/2022\/05\/brevets.png\" class=\"attachment-large size-large\" alt=\"\" loading=\"lazy\" srcset=\"https:\/\/rapportactivite.cjf.lu\/wp-content\/uploads\/2022\/05\/brevets.png 500w, https:\/\/rapportactivite.cjf.lu\/wp-content\/uploads\/2022\/05\/brevets-300x300.png 300w, https:\/\/rapportactivite.cjf.lu\/wp-content\/uploads\/2022\/05\/brevets-150x150.png 150w, https:\/\/rapportactivite.cjf.lu\/wp-content\/uploads\/2022\/05\/brevets-100x100.png 100w\" sizes=\"(max-width: 500px) 100vw, 500px\" \/>\t\t\t\t\t\t\t\t\t\t\t\t\t\t\t<\/div>\n\t\t\t\t<\/div>\n\t\t\t\t\t<\/div>\n\t\t<\/div>\n\t\t\t\t\t\t\t<\/div>\n\t\t<\/section>\n\t\t\t\t<section class=\"elementor-section elementor-top-section elementor-element elementor-element-e801088 elementor-section-boxed elementor-section-height-default elementor-section-height-default edgtf-elementor-container-no edgtf-section edgtf-parallax-section-holder-touch-disabled edgtf-parallax-section-no\" data-id=\"e801088\" data-element_type=\"section\" data-settings=\"{&quot;background_background&quot;:&quot;classic&quot;}\">\n\t\t\t\t\t\t<div class=\"elementor-container elementor-column-gap-default\">\n\t\t\t\t\t<div class=\"elementor-column elementor-col-100 elementor-top-column elementor-element elementor-element-55173b4\" data-id=\"55173b4\" data-element_type=\"column\" data-settings=\"{&quot;background_background&quot;:&quot;classic&quot;}\">\n\t\t\t<div class=\"elementor-widget-wrap elementor-element-populated\">\n\t\t\t\t\t\t\t\t<div class=\"elementor-element elementor-element-c0ec00f elementor-widget elementor-widget-edgtf_call_to_action\" data-id=\"c0ec00f\" data-element_type=\"widget\" data-widget_type=\"edgtf_call_to_action.default\">\n\t\t\t\t<div class=\"elementor-widget-container\">\n\t\t\t\t<div class=\"edgtf-container-inner\">\n\t<div class=\"edgtf-call-to-action normal\" style=\"background-color: #FCBF48;\">\n\n\t\t\t\t\t<div class=\"edgtf-call-to-action-row-75-25 clearfix\" >\n\t\t\t\t\t\t<div class=\"edgtf-text-wrapper edgtf-call-to-action-column1 edgtf-call-to-action-cell \">\n\t\t\t\t\t<div class=\"edgtf-call-to-action-text\" style=\"text-align: center\"><p><span style=\"color: #ffffff;\">Rapport d'activit\u00e9s youngcaritas 2021<\/span><\/p>\t\t\t\t\t\t\t\t\t\t\t<\/div>\n\t\t\t\t<\/div>\n\n\t\t\t\t\t\t\t\t\t<div class=\"edgtf-button-wrapper edgtf-call-to-action-column2 edgtf-call-to-action-cell\" style =\"text-align:  ;\">\n\t\t\t\t\t\t<a itemprop=\"url\" href=\"http:\/\/rapportactivite.cjf.lu\/wp-content\/uploads\/2022\/06\/YCRapport-dactivites-2021.pdf\" target=\"_blank\" style=\"color: #FFFFFF;background-color: #FCBF48;border-color: #FFFFFF\" class=\"edgtf-btn edgtf-btn-medium edgtf-btn-solid edgtf-btn-custom-hover-bg edgtf-btn-custom-hover-color\" data-hover-bg-color=\"#FFFFFF\" data-hover-color=\"#212121\" >\t<span class=\"edgtf-btn-text\">Consulter<\/span>    <\/a>\t\t\t\t\t<\/div>\n\t\t\t\t\t\t\t<\/div>\n\t\t\t<\/div>\n\t<\/div>\n\t\t<\/div>\n\t\t\t\t<\/div>\n\t\t\t\t\t<\/div>\n\t\t<\/div>\n\t\t\t\t\t\t\t<\/div>\n\t\t<\/section>\n\t\t\t\t\t\t\t<\/div>\n\t\t","protected":false},"excerpt":{"rendered":"<p>youngcaritas est un service de Caritas Jeunes et Familles. youngcaritas travaille sur deux axes principaux: Le service vacances et le service b\u00e9n\u00e9volat. youngcaritas a pour mission de donner aux jeunes des occasions de faire des exp\u00e9riences sociales (comme celle de s&rsquo;engager en tant qu&rsquo;animateur pour&#8230;<\/p>\n","protected":false},"author":2,"featured_media":0,"parent":25349,"menu_order":0,"comment_status":"closed","ping_status":"closed","template":"full-width.php","meta":[],"_links":{"self":[{"href":"https:\/\/rapportactivite.cjf.lu\/index.php?rest_route=\/wp\/v2\/pages\/25715"}],"collection":[{"href":"https:\/\/rapportactivite.cjf.lu\/index.php?rest_route=\/wp\/v2\/pages"}],"about":[{"href":"https:\/\/rapportactivite.cjf.lu\/index.php?rest_route=\/wp\/v2\/types\/page"}],"author":[{"embeddable":true,"href":"https:\/\/rapportactivite.cjf.lu\/index.php?rest_route=\/wp\/v2\/users\/2"}],"replies":[{"embeddable":true,"href":"https:\/\/rapportactivite.cjf.lu\/index.php?rest_route=%2Fwp%2Fv2%2Fcomments&post=25715"}],"version-history":[{"count":40,"href":"https:\/\/rapportactivite.cjf.lu\/index.php?rest_route=\/wp\/v2\/pages\/25715\/revisions"}],"predecessor-version":[{"id":26354,"href":"https:\/\/rapportactivite.cjf.lu\/index.php?rest_route=\/wp\/v2\/pages\/25715\/revisions\/26354"}],"up":[{"embeddable":true,"href":"https:\/\/rapportactivite.cjf.lu\/index.php?rest_route=\/wp\/v2\/pages\/25349"}],"wp:attachment":[{"href":"https:\/\/rapportactivite.cjf.lu\/index.php?rest_route=%2Fwp%2Fv2%2Fmedia&parent=25715"}],"curies":[{"name":"wp","href":"https:\/\/api.w.org\/{rel}","templated":true}]}}