
{"id":25336,"date":"2022-05-19T19:59:34","date_gmt":"2022-05-19T19:59:34","guid":{"rendered":"http:\/\/rapportactivite.cjf.lu\/?page_id=25336"},"modified":"2022-06-16T16:27:49","modified_gmt":"2022-06-16T16:27:49","slug":"dpi","status":"publish","type":"page","link":"https:\/\/rapportactivite.cjf.lu\/?page_id=25336","title":{"rendered":"DPI"},"content":{"rendered":"\t\t<div data-elementor-type=\"wp-page\" data-elementor-id=\"25336\" class=\"elementor elementor-25336\">\n\t\t\t\t\t\t\t\t\t<section class=\"elementor-section elementor-top-section elementor-element elementor-element-96f04d2 elementor-section-boxed elementor-section-height-default elementor-section-height-default edgtf-elementor-container-no edgtf-section edgtf-parallax-section-holder-touch-disabled edgtf-parallax-section-no\" data-id=\"96f04d2\" data-element_type=\"section\">\n\t\t\t\t\t\t<div class=\"elementor-container elementor-column-gap-default\">\n\t\t\t\t\t<div class=\"elementor-column elementor-col-50 elementor-top-column elementor-element elementor-element-4a008da\" data-id=\"4a008da\" data-element_type=\"column\">\n\t\t\t<div class=\"elementor-widget-wrap\">\n\t\t\t\t\t\t\t\t\t<\/div>\n\t\t<\/div>\n\t\t\t\t<div class=\"elementor-column elementor-col-50 elementor-top-column elementor-element elementor-element-ea2bcd7\" data-id=\"ea2bcd7\" data-element_type=\"column\">\n\t\t\t<div class=\"elementor-widget-wrap elementor-element-populated\">\n\t\t\t\t\t\t\t\t<div class=\"elementor-element elementor-element-7fff202 elementor-widget elementor-widget-text-editor\" data-id=\"7fff202\" data-element_type=\"widget\" data-widget_type=\"text-editor.default\">\n\t\t\t\t<div class=\"elementor-widget-container\">\n\t\t\t<style>\/*! elementor - v3.6.5 - 27-04-2022 *\/\n.elementor-widget-text-editor.elementor-drop-cap-view-stacked .elementor-drop-cap{background-color:#818a91;color:#fff}.elementor-widget-text-editor.elementor-drop-cap-view-framed .elementor-drop-cap{color:#818a91;border:3px solid;background-color:transparent}.elementor-widget-text-editor:not(.elementor-drop-cap-view-default) .elementor-drop-cap{margin-top:8px}.elementor-widget-text-editor:not(.elementor-drop-cap-view-default) .elementor-drop-cap-letter{width:1em;height:1em}.elementor-widget-text-editor .elementor-drop-cap{float:left;text-align:center;line-height:1;font-size:50px}.elementor-widget-text-editor .elementor-drop-cap-letter{display:inline-block}<\/style>\t\t\t\t<p style=\"text-align: justify;\"><span style=\"text-align: start; background-color: #ffffff;\">L\u2019\u00e9quipe des foyers pour r\u00e9fugi\u00e9s install\u00e9e dans les locaux \u00e0 Ettelbruck et \u00e0 Diekirch, organise depuis 7 ans des activit\u00e9s pour les enfants \u00e2g\u00e9s de 3 \u00e0 12 ans ainsi que pour les jeunes \u00e2g\u00e9s de 13 \u00e0 21 ans. En \u00e9troite collaboration avec l\u2019\u00e9quipe de la Fondation Caritas Luxembourg et les \u00e9quipes dans les \u00e9coles, les \u00e9ducateurs accompagnent les enfants tout en gardant \u00e0 l\u2019esprit l\u2019importance de l\u2019inclusion et de l\u2019int\u00e9gration et tentent d\u2019aider les jeunes \u00e0 cr\u00e9er des liens avec d\u2019autres jeunes de la soci\u00e9t\u00e9 luxembourgeoise.<\/span><\/p><p style=\"text-align: justify;\">En 2021, l\u2019\u00e9quipe a maintenu son accueil, c\u2019est-\u00e0-dire environ 60 enfants de 3 \u00e0 12 ans et 50 jeunes de 13 \u00e0 21 ans. Les \u00e9quipes ont relev\u00e9 deux d\u00e9fis li\u00e9s au contexte de 2021\u00a0: le premier fut un accompagnement plus accru dans le soutien aux devoirs, accompagnement demand\u00e9 par les enfants, les jeunes et les familles, sujets au homeschooling. Le second d\u00e9fi consistait \u00e0 offrir des activit\u00e9s sportives et outdoor pour les enfants et les jeunes. L\u2019\u00e9quipe a r\u00e9ussi \u00e0 maintenir les visites hebdomadaires du Liewenshaff, tout en proposant d\u2019autres sorties dans le pays.<\/p><p class=\"MsoNormal\" style=\"text-align: justify;\">\u00a0<\/p><p>\u00a0<\/p>\t\t\t\t\t\t<\/div>\n\t\t\t\t<\/div>\n\t\t\t\t\t<\/div>\n\t\t<\/div>\n\t\t\t\t\t\t\t<\/div>\n\t\t<\/section>\n\t\t\t\t<section class=\"elementor-section elementor-top-section elementor-element elementor-element-ddcdeb0 elementor-section-boxed elementor-section-height-default elementor-section-height-default edgtf-elementor-container-no edgtf-section edgtf-parallax-section-holder-touch-disabled edgtf-parallax-section-no\" data-id=\"ddcdeb0\" data-element_type=\"section\" data-settings=\"{&quot;background_background&quot;:&quot;classic&quot;}\">\n\t\t\t\t\t\t<div class=\"elementor-container elementor-column-gap-default\">\n\t\t\t\t\t<div class=\"elementor-column elementor-col-100 elementor-top-column elementor-element elementor-element-f02af88\" data-id=\"f02af88\" data-element_type=\"column\" data-settings=\"{&quot;background_background&quot;:&quot;classic&quot;}\">\n\t\t\t<div class=\"elementor-widget-wrap\">\n\t\t\t\t\t\t\t\t\t<\/div>\n\t\t<\/div>\n\t\t\t\t\t\t\t<\/div>\n\t\t<\/section>\n\t\t\t\t\t\t\t<\/div>\n\t\t","protected":false},"excerpt":{"rendered":"<p>L\u2019\u00e9quipe des foyers pour r\u00e9fugi\u00e9s install\u00e9e dans les locaux \u00e0 Ettelbruck et \u00e0 Diekirch, organise depuis 7 ans des activit\u00e9s pour les enfants \u00e2g\u00e9s de 3 \u00e0 12 ans ainsi que pour les jeunes \u00e2g\u00e9s de 13 \u00e0 21 ans. En \u00e9troite collaboration avec l\u2019\u00e9quipe&#8230;<\/p>\n","protected":false},"author":2,"featured_media":0,"parent":25267,"menu_order":0,"comment_status":"closed","ping_status":"closed","template":"full-width.php","meta":[],"_links":{"self":[{"href":"https:\/\/rapportactivite.cjf.lu\/index.php?rest_route=\/wp\/v2\/pages\/25336"}],"collection":[{"href":"https:\/\/rapportactivite.cjf.lu\/index.php?rest_route=\/wp\/v2\/pages"}],"about":[{"href":"https:\/\/rapportactivite.cjf.lu\/index.php?rest_route=\/wp\/v2\/types\/page"}],"author":[{"embeddable":true,"href":"https:\/\/rapportactivite.cjf.lu\/index.php?rest_route=\/wp\/v2\/users\/2"}],"replies":[{"embeddable":true,"href":"https:\/\/rapportactivite.cjf.lu\/index.php?rest_route=%2Fwp%2Fv2%2Fcomments&post=25336"}],"version-history":[{"count":22,"href":"https:\/\/rapportactivite.cjf.lu\/index.php?rest_route=\/wp\/v2\/pages\/25336\/revisions"}],"predecessor-version":[{"id":26235,"href":"https:\/\/rapportactivite.cjf.lu\/index.php?rest_route=\/wp\/v2\/pages\/25336\/revisions\/26235"}],"up":[{"embeddable":true,"href":"https:\/\/rapportactivite.cjf.lu\/index.php?rest_route=\/wp\/v2\/pages\/25267"}],"wp:attachment":[{"href":"https:\/\/rapportactivite.cjf.lu\/index.php?rest_route=%2Fwp%2Fv2%2Fmedia&parent=25336"}],"curies":[{"name":"wp","href":"https:\/\/api.w.org\/{rel}","templated":true}]}}